CRAN Package Check Results for Package SOHPIE

Last updated on 2025-07-22 08:48:45 CEST.

Flavor Version Tinstall Tcheck Ttotal Status Flags
r-devel-linux-x86_64-debian-clang 1.0.6 4.34 297.80 302.14 NOTE
r-devel-linux-x86_64-debian-gcc 1.0.6 3.02 180.32 183.34 NOTE
r-devel-linux-x86_64-fedora-clang 1.0.6 488.49 OK
r-devel-linux-x86_64-fedora-gcc 1.0.6 509.75 OK
r-devel-windows-x86_64 1.0.6 6.00 282.00 288.00 OK
r-patched-linux-x86_64 1.0.6 4.26 295.43 299.69 OK
r-release-linux-x86_64 1.0.6 4.27 295.80 300.07 OK
r-release-macos-arm64 1.0.6 83.00 OK
r-release-macos-x86_64 1.0.6 186.00 OK
r-release-windows-x86_64 1.0.6 6.00 289.00 295.00 OK
r-oldrel-macos-arm64 1.0.6 87.00 OK
r-oldrel-macos-x86_64 1.0.6 148.00 OK
r-oldrel-windows-x86_64 1.0.6 8.00 405.00 413.00 OK

Check Details

Version: 1.0.6
Check: CRAN incoming feasibility
Result: NOTE Maintainer: ‘Seungjun Ahn <seungjun.ahn@mountsinai.org>’ The Description field contains <arXiv:2303.13702v1>. Please refer to arXiv e-prints via their arXiv DOI <doi:10.48550/arXiv.YYMM.NNNNN>. Flavors: r-devel-linux-x86_64-debian-clang, r-devel-linux-x86_64-debian-gcc