Last updated on 2025-10-30 18:50:04 CET.
| Flavor | Version | Tinstall | Tcheck | Ttotal | Status | Flags | 
|---|---|---|---|---|---|---|
| r-devel-linux-x86_64-debian-clang | 1.1.1 | 7.30 | 119.01 | 126.31 | NOTE | |
| r-devel-linux-x86_64-debian-gcc | 1.1.1 | 4.67 | 78.75 | 83.42 | NOTE | |
| r-devel-linux-x86_64-fedora-clang | 1.1.1 | 15.00 | 177.88 | 192.88 | NOTE | |
| r-devel-linux-x86_64-fedora-gcc | 1.1.1 | 18.00 | 192.74 | 210.74 | NOTE | |
| r-devel-windows-x86_64 | 1.1.1 | 10.00 | 128.00 | 138.00 | NOTE | |
| r-patched-linux-x86_64 | 1.1.1 | 7.58 | 110.87 | 118.45 | NOTE | |
| r-release-linux-x86_64 | 1.1.1 | 6.31 | 110.73 | 117.04 | NOTE | |
| r-release-macos-arm64 | 1.1.1 | 3.00 | 49.00 | 52.00 | NOTE | |
| r-release-macos-x86_64 | 1.1.1 | 5.00 | 110.00 | 115.00 | NOTE | |
| r-release-windows-x86_64 | 1.1.1 | 10.00 | 130.00 | 140.00 | NOTE | |
| r-oldrel-macos-arm64 | 1.1.1 | 3.00 | 55.00 | 58.00 | NOTE | |
| r-oldrel-macos-x86_64 | 1.1.1 | 5.00 | 80.00 | 85.00 | NOTE | |
| r-oldrel-windows-x86_64 | 1.1.1 | 13.00 | 170.00 | 183.00 | NOTE | 
Version: 1.1.1
Check: CRAN incoming feasibility
Result: NOTE
  Maintainer: ‘Matthew Ludkin <m.ludkin1@lancaster.ac.uk>’
  
  The Description field contains
    <doi:10.1080/10618600.2000.10474879>; Ludkin (2019) <arXiv:1909.09421>.
  Please refer to arXiv e-prints via their arXiv DOI <doi:10.48550/arXiv.YYMM.NNNNN>.
  
  Found the following URLs which should use \doi (with the DOI name only):
    File ‘drawblock.dp.Rd’:
      http://doi.org/10.17635/lancaster/thesis/296
    File ‘sampler.dp.Rd’:
      http://doi.org/10.17635/lancaster/thesis/296
    File ‘sampler.rj.Rd’:
      http://doi.org/10.17635/lancaster/thesis/296
Flavors: r-devel-linux-x86_64-debian-clang, r-devel-linux-x86_64-debian-gcc
Version: 1.1.1
Check: package subdirectories
Result: NOTE
  Problems with news in ‘NEWS.md’:
    Cannot extract version info from the following section titles:
      Updated help pages with examples
      Updated conjugate model sampler
Flavors: r-devel-linux-x86_64-debian-clang, r-devel-linux-x86_64-debian-gcc, r-devel-linux-x86_64-fedora-clang, r-devel-linux-x86_64-fedora-gcc, r-devel-windows-x86_64, r-patched-linux-x86_64, r-release-linux-x86_64, r-release-macos-arm64, r-release-macos-x86_64, r-release-windows-x86_64, r-oldrel-macos-arm64, r-oldrel-macos-x86_64, r-oldrel-windows-x86_64