CRAN Package Check Results for Package SBCK

Last updated on 2025-10-20 20:49:40 CEST.

Flavor Version Tinstall Tcheck Ttotal Status Flags
r-devel-linux-x86_64-debian-clang 1.0.0 42.54 67.31 109.85 NOTE
r-devel-linux-x86_64-debian-gcc 1.0.0 26.46 48.12 74.58 NOTE
r-devel-linux-x86_64-fedora-clang 1.0.0 195.95 NOTE
r-devel-linux-x86_64-fedora-gcc 1.0.0 173.91 NOTE
r-devel-windows-x86_64 1.0.0 44.00 112.00 156.00 NOTE
r-patched-linux-x86_64 1.0.0 44.00 62.85 106.85 NOTE
r-release-linux-x86_64 1.0.0 37.27 63.99 101.26 NOTE
r-release-macos-arm64 1.0.0 54.00 NOTE
r-release-macos-x86_64 1.0.0 92.00 NOTE
r-release-windows-x86_64 1.0.0 46.00 116.00 162.00 NOTE
r-oldrel-macos-arm64 1.0.0 49.00 NOTE
r-oldrel-macos-x86_64 1.0.0 70.00 NOTE
r-oldrel-windows-x86_64 1.0.0 58.00 146.00 204.00 NOTE

Check Details

Version: 1.0.0
Check: Rd files
Result: NOTE checkRd: (-1) OTC.Rd:42: Lost braces; missing escapes or markup? 42 | discretizing R^{numbers of variables}. If NULL, it is estimating | ^ checkRd: (-1) OTC.Rd:83: Lost braces; missing escapes or markup? 83 | discretizing R^{numbers of variables}. If NULL, it is estimating | ^ checkRd: (-1) OTHist.Rd:29: Lost braces; missing escapes or markup? 29 | discretizing R^{numbers of variables}. If NULL, it is estimating | ^ checkRd: (-1) dOTC.Rd:72: Lost braces; missing escapes or markup? 72 | discretizing R^{numbers of variables}. If NULL, it is estimating | ^ Flavors: r-devel-linux-x86_64-debian-clang, r-devel-linux-x86_64-debian-gcc, r-devel-linux-x86_64-fedora-clang, r-devel-linux-x86_64-fedora-gcc, r-devel-windows-x86_64, r-patched-linux-x86_64, r-release-linux-x86_64, r-release-macos-arm64, r-release-macos-x86_64, r-release-windows-x86_64, r-oldrel-macos-arm64, r-oldrel-macos-x86_64, r-oldrel-windows-x86_64

Version: 1.0.0
Check: Rd cross-references
Result: NOTE Found the following Rd file(s) with Rd \link{} targets missing package anchors: Shift.Rd: R6Class Please provide package anchors for all Rd \link{} targets not in the package itself and the base packages. Flavors: r-devel-linux-x86_64-debian-clang, r-devel-linux-x86_64-debian-gcc, r-devel-windows-x86_64, r-patched-linux-x86_64, r-release-linux-x86_64, r-release-windows-x86_64

Version: 1.0.0
Check: HTML version of manual
Result: NOTE Found the following HTML validation problems: AR2D2.html:143:1 (AR2D2.Rd:107): Warning: <h5> anchor "Usage" already defined AR2D2.html:149:1 (AR2D2.Rd:111): Warning: <h5> anchor "Arguments" already defined AR2D2.html:166:1 (AR2D2.Rd:122): Warning: <h5> anchor "Returns" already defined AR2D2.html:183:1 (AR2D2.Rd:131): Warning: <h5> anchor "Usage" already defined AR2D2.html:189:1 (AR2D2.Rd:135): Warning: <h5> anchor "Arguments" already defined AR2D2.html:204:1 (AR2D2.Rd:144): Warning: <h5> anchor "Returns" already defined AR2D2.html:223:1 (AR2D2.Rd:155): Warning: <h5> anchor "Usage" already defined AR2D2.html:229:1 (AR2D2.Rd:159): Warning: <h5> anchor "Arguments" already defined CDFt.html:149:1 (CDFt.Rd:112): Warning: <h5> anchor "Usage" already defined CDFt.html:155:1 (CDFt.Rd:116): Warning: <h5> anchor "Arguments" already defined CDFt.html:172:1 (CDFt.Rd:127): Warning: <h5> anchor "Returns" already defined CDFt.html:189:1 (CDFt.Rd:136): Warning: <h5> anchor "Usage" already defined CDFt.html:195:1 (CDFt.Rd:140): Warning: <h5> anchor "Arguments" already defined CDFt.html:210:1 (CDFt.Rd:149): Warning: <h5> anchor "Returns" already defined CDFt.html:229:1 (CDFt.Rd:160): Warning: <h5> anchor "Usage" already defined CDFt.html:235:1 (CDFt.Rd:164): Warning: <h5> anchor "Arguments" already defined DistHelper.html:126:1 (DistHelper.Rd:64): Warning: <h5> anchor "Usage" already defined DistHelper.html:132:1 (DistHelper.Rd:68): Warning: <h5> anchor "Arguments" already defined DistHelper.html:145:1 (DistHelper.Rd:75): Warning: <h5> anchor "Returns" already defined DistHelper.html:162:1 (DistHelper.Rd:84): Warning: <h5> anchor "Usage" already defined DistHelper.html:168:1 (DistHelper.Rd:88): Warning: <h5> anchor "Arguments" already defined DistHelper.html:183:1 (DistHelper.Rd:97): Warning: <h5> anchor "Returns" already defined DistHelper.html:200:1 (DistHelper.Rd:106): Warning: <h5> anchor "Usage" already defined DistHelper.html:206:1 (DistHelper.Rd:110): Warning: <h5> anchor "Arguments" already defined DistHelper.html:219:1 (DistHelper.Rd:117): Warning: <h5> anchor "Returns" already defined DistHelper.html:236:1 (DistHelper.Rd:126): Warning: <h5> anchor "Usage" already defined DistHelper.html:242:1 (DistHelper.Rd:130): Warning: <h5> anchor "Arguments" already defined DistHelper.html:255:1 (DistHelper.Rd:137): Warning: <h5> anchor "Returns" already defined DistHelper.html:272:1 (DistHelper.Rd:146): Warning: <h5> anchor "Usage" already defined DistHelper.html:278:1 (DistHelper.Rd:150): Warning: <h5> anchor "Arguments" already defined ECBC.html:108:1 (ECBC.Rd:72): Warning: <h5> anchor "Usage" already defined ECBC.html:114:1 (ECBC.Rd:76): Warning: <h5> anchor "Arguments" already defined ECBC.html:131:1 (ECBC.Rd:87): Warning: <h5> anchor "Returns" already defined ECBC.html:148:1 (ECBC.Rd:96): Warning: <h5> anchor "Usage" already defined ECBC.html:154:1 (ECBC.Rd:100): Warning: <h5> anchor "Arguments" already defined ECBC.html:169:1 (ECBC.Rd:109): Warning: <h5> anchor "Returns" already defined ECBC.html:188:1 (ECBC.Rd:120): Warning: <h5> anchor "Usage" already defined ECBC.html:194:1 (ECBC.Rd:124): Warning: <h5> anchor "Arguments" already defined IdBC.html:89:1 (IdBC.Rd:58): Warning: <h5> anchor "Usage" already defined IdBC.html:113:1 (IdBC.Rd:74): Warning: <h5> anchor "Returns" already defined IdBC.html:131:1 (IdBC.Rd:84): Warning: <h5> anchor "Usage" already defined IdBC.html:137:1 (IdBC.Rd:88): Warning: <h5> anchor "Arguments" already defined IdBC.html:152:1 (IdBC.Rd:97): Warning: <h5> anchor "Returns" already defined IdBC.html:169:1 (IdBC.Rd:106): Warning: <h5> anchor "Usage" already defined IdBC.html:175:1 (IdBC.Rd:110): Warning: <h5> anchor "Arguments" already defined MBCn.html:145:1 (MBCn.Rd:111): Warning: <h5> anchor "Usage" already defined MBCn.html:151:1 (MBCn.Rd:115): Warning: <h5> anchor "Arguments" already defined MBCn.html:168:1 (MBCn.Rd:126): Warning: <h5> anchor "Returns" already defined MBCn.html:185:1 (MBCn.Rd:135): Warning: <h5> anchor "Usage" already defined MBCn.html:191:1 (MBCn.Rd:139): Warning: <h5> anchor "Arguments" already defined MBCn.html:206:1 (MBCn.Rd:148): Warning: <h5> anchor "Returns" already defined MBCn.html:225:1 (MBCn.Rd:159): Warning: <h5> anchor "Usage" already defined MBCn.html:231:1 (MBCn.Rd:163): Warning: <h5> anchor "Arguments" already defined MRec.html:120:1 (MRec.Rd:84): Warning: <h5> anchor "Usage" already defined MRec.html:126:1 (MRec.Rd:88): Warning: <h5> anchor "Arguments" already defined MRec.html:143:1 (MRec.Rd:99): Warning: <h5> anchor "Returns" already defined MRec.html:160:1 (MRec.Rd:108): Warning: <h5> anchor "Usage" already defined MRec.html:166:1 (MRec.Rd:112): Warning: <h5> anchor "Arguments" already defined MRec.html:181:1 (MRec.Rd:121): Warning: <h5> anchor "Returns" already defined MRec.html:200:1 (MRec.Rd:132): Warning: <h5> anchor "Usage" already defined MRec.html:206:1 (MRec.Rd:136): Warning: <h5> anchor "Arguments" already defined MVQuantilesShuffle.html:130:1 (MVQuantilesShuffle.Rd:88): Warning: <h5> anchor "Usage" already defined MVQuantilesShuffle.html:136:1 (MVQuantilesShuffle.Rd:92): Warning: <h5> anchor "Arguments" already defined MVQuantilesShuffle.html:149:1 (MVQuantilesShuffle.Rd:99): Warning: <h5> anchor "Returns" already defined MVQuantilesShuffle.html:166:1 (MVQuantilesShuffle.Rd:108): Warning: <h5> anchor "Usage" already defined MVQuantilesShuffle.html:172:1 (MVQuantilesShuffle.Rd:112): Warning: <h5> anchor "Arguments" already defined MVQuantilesShuffle.html:185:1 (MVQuantilesShuffle.Rd:119): Warning: <h5> anchor "Returns" already defined MVQuantilesShuffle.html:202:1 (MVQuantilesShuffle.Rd:128): Warning: <h5> anchor "Usage" already defined MVQuantilesShuffle.html:208:1 (MVQuantilesShuffle.Rd:132): Warning: <h5> anchor "Arguments" already defined MVRanksShuffle.html:130:1 (MVRanksShuffle.Rd:88): Warning: <h5> anchor "Usage" already defined MVRanksShuffle.html:136:1 (MVRanksShuffle.Rd:92): Warning: <h5> anchor "Arguments" already defined MVRanksShuffle.html:149:1 (MVRanksShuffle.Rd:99): Warning: <h5> anchor "Returns" already defined MVRanksShuffle.html:166:1 (MVRanksShuffle.Rd:108): Warning: <h5> anchor "Usage" already defined MVRanksShuffle.html:172:1 (MVRanksShuffle.Rd:112): Warning: <h5> anchor "Arguments" already defined MVRanksShuffle.html:185:1 (MVRanksShuffle.Rd:119): Warning: <h5> anchor "Returns" already defined MVRanksShuffle.html:202:1 (MVRanksShuffle.Rd:128): Warning: <h5> anchor "Usage" already defined MVRanksShuffle.html:208:1 (MVRanksShuffle.Rd:132): Warning: <h5> anchor "Arguments" already defined OTC.html:138:1 (OTC.Rd:103): Warning: <h5> anchor "Usage" already defined OTC.html:144:1 (OTC.Rd:107): Warning: <h5> anchor "Arguments" already defined OTC.html:159:1 (OTC.Rd:116): Warning: <h5> anchor "Returns" already defined OTC.html:184:1 (OTC.Rd:133): Warning: <h5> anchor "Usage" already defined OTC.html:190:1 (OTC.Rd:137): Warning: <h5> anchor "Arguments" already defined OTC.html:203:1 (OTC.Rd:144): Warning: <h5> anchor "Returns" already defined OTC.html:220:1 (OTC.Rd:153): Warning: <h5> anchor "Usage" already defined OTC.html:226:1 (OTC.Rd:157): Warning: <h5> anchor "Arguments" already defined OTHist.html:120:1 (OTHist.Rd:71): Warning: <h5> anchor "Usage" already defined OTHist.html:126:1 (OTHist.Rd:75): Warning: <h5> anchor "Arguments" already defined OTNetworkSimplex.html:117:1 (OTNetworkSimplex.Rd:79): Warning: <h5> anchor "Usage" already defined OTNetworkSimplex.html:123:1 (OTNetworkSimplex.Rd:83): Warning: <h5> anchor "Arguments" already defined OTNetworkSimplex.html:141:1 (OTNetworkSimplex.Rd:95): Warning: <h5> anchor "Returns" already defined OTNetworkSimplex.html:158:1 (OTNetworkSimplex.Rd:104): Warning: <h5> anchor "Usage" already defined OTNetworkSimplex.html:164:1 (OTNetworkSimplex.Rd:108): Warning: <h5> anchor "Arguments" already defined PPPDiffRef.html:140:1 (PPPDiffRef.Rd:99): Warning: <h5> anchor "Usage" already defined PPPDiffRef.html:146:1 (PPPDiffRef.Rd:103): Warning: <h5> anchor "Arguments" already defined PPPDiffRef.html:159:1 (PPPDiffRef.Rd:110): Warning: <h5> anchor "Returns" already defined PPPDiffRef.html:176:1 (PPPDiffRef.Rd:119): Warning: <h5> anchor "Usage" already defined PPPDiffRef.html:182:1 (PPPDiffRef.Rd:123): Warning: <h5> anchor "Arguments" already defined PPPDiffRef.html:195:1 (PPPDiffRef.Rd:130): Warning: <h5> anchor "Returns" already defined PPPDiffRef.html:212:1 (PPPDiffRef.Rd:139): Warning: <h5> anchor "Usage" already defined PPPDiffRef.html:218:1 (PPPDiffRef.Rd:143): Warning: <h5> anchor "Arguments" already defined PPPFunctionLink.html:124:1 (PPPFunctionLink.Rd:86): Warning: <h5> anchor "Usage" already defined PPPFunctionLink.html:130:1 (PPPFunctionLink.Rd:90): Warning: <h5> anchor "Arguments" already defined PPPFunctionLink.html:143:1 (PPPFunctionLink.Rd:97): Warning: <h5> anchor "Returns" already defined PPPFunctionLink.html:160:1 (PPPFunctionLink.Rd:106): Warning: <h5> anchor "Usage" already defined PPPFunctionLink.html:166:1 (PPPFunctionLink.Rd:110): Warning: <h5> anchor "Arguments" already defined PPPFunctionLink.html:179:1 (PPPFunctionLink.Rd:117): Warning: <h5> anchor "Returns" already defined PPPFunctionLink.html:196:1 (PPPFunctionLink.Rd:126): Warning: <h5> anchor "Usage" already defined PPPFunctionLink.html:202:1 (PPPFunctionLink.Rd:130): Warning: <h5> anchor "Arguments" already defined PPPLogLinLink.html:117:1 (PPPLogLinLink.Rd:80): Warning: <h5> anchor "Usage" already defined PPPLogLinLink.html:123:1 (PPPLogLinLink.Rd:84): Warning: <h5> anchor "Arguments" already defined PPPPreserveOrder.html:120:1 (PPPPreserveOrder.Rd:71): Warning: <h5> anchor "Usage" already defined PPPPreserveOrder.html:126:1 (PPPPreserveOrder.Rd:75): Warning: <h5> anchor "Arguments" already defined PPPPreserveOrder.html:139:1 (PPPPreserveOrder.Rd:82): Warning: <h5> anchor "Returns" already defined PPPPreserveOrder.html:156:1 (PPPPreserveOrder.Rd:91): Warning: <h5> anchor "Usage" already defined PPPPreserveOrder.html:162:1 (PPPPreserveOrder.Rd:95): Warning: <h5> anchor "Arguments" already defined PPPPreserveOrder.html:175:1 (PPPPreserveOrder.Rd:102): Warning: <h5> anchor "Returns" already defined PPPPreserveOrder.html:192:1 (PPPPreserveOrder.Rd:111): Warning: <h5> anchor "Usage" already defined PPPPreserveOrder.html:198:1 (PPPPreserveOrder.Rd:115): Warning: <h5> anchor "Arguments" already defined PPPSSR.html:139:1 (PPPSSR.Rd:91): Warning: <h5> anchor "Usage" already defined PPPSSR.html:145:1 (PPPSSR.Rd:95): Warning: <h5> anchor "Arguments" already defined PPPSSR.html:158:1 (PPPSSR.Rd:102): Warning: <h5> anchor "Returns" already defined PPPSSR.html:176:1 (PPPSSR.Rd:112): Warning: <h5> anchor "Usage" already defined PPPSSR.html:182:1 (PPPSSR.Rd:116): Warning: <h5> anchor "Arguments" already defined PPPSSR.html:195:1 (PPPSSR.Rd:123): Warning: <h5> anchor "Returns" already defined PPPSSR.html:212:1 (PPPSSR.Rd:132): Warning: <h5> anchor "Usage" already defined PPPSSR.html:218:1 (PPPSSR.Rd:136): Warning: <h5> anchor "Arguments" already defined PPPSquareLink.html:115:1 (PPPSquareLink.Rd:76): Warning: <h5> anchor "Usage" already defined PPPSquareLink.html:121:1 (PPPSquareLink.Rd:80): Warning: <h5> anchor "Arguments" already defined PrePostProcessing.html:166:1 (PrePostProcessing.Rd:123): Warning: <h5> anchor "Usage" already defined PrePostProcessing.html:172:1 (PrePostProcessing.Rd:127): Warning: <h5> anchor "Arguments" already defined PrePostProcessing.html:185:1 (PrePostProcessing.Rd:134): Warning: <h5> anchor "Returns" already defined PrePostProcessing.html:203:1 (PrePostProcessing.Rd:144): Warning: <h5> anchor "Usage" already defined PrePostProcessing.html:209:1 (PrePostProcessing.Rd:148): Warning: <h5> anchor "Arguments" already defined PrePostProcessing.html:222:1 (PrePostProcessing.Rd:155): Warning: <h5> anchor "Returns" already defined PrePostProcessing.html:240:1 (PrePostProcessing.Rd:165): Warning: <h5> anchor "Usage" already defined PrePostProcessing.html:246:1 (PrePostProcessing.Rd:169): Warning: <h5> anchor "Arguments" already defined PrePostProcessing.html:263:1 (PrePostProcessing.Rd:180): Warning: <h5> anchor "Returns" already defined PrePostProcessing.html:281:1 (PrePostProcessing.Rd:190): Warning: <h5> anchor "Usage" already defined PrePostProcessing.html:287:1 (PrePostProcessing.Rd:194): Warning: <h5> anchor "Arguments" already defined PrePostProcessing.html:302:1 (PrePostProcessing.Rd:203): Warning: <h5> anchor "Returns" already defined PrePostProcessing.html:321:1 (PrePostProcessing.Rd:214): Warning: <h5> anchor "Usage" already defined PrePostProcessing.html:327:1 (PrePostProcessing.Rd:218): Warning: <h5> anchor "Arguments" already defined QDM.html:106:1 (QDM.Rd:77): Warning: <h5> anchor "Usage" already defined QDM.html:112:1 (QDM.Rd:81): Warning: <h5> anchor "Arguments" already defined QDM.html:129:1 (QDM.Rd:92): Warning: <h5> anchor "Returns" already defined QDM.html:146:1 (QDM.Rd:101): Warning: <h5> anchor "Usage" already defined QDM.html:152:1 (QDM.Rd:105): Warning: <h5> anchor "Arguments" already defined QDM.html:167:1 (QDM.Rd:114): Warning: <h5> anchor "Returns" already defined QDM.html:186:1 (QDM.Rd:125): Warning: <h5> anchor "Usage" already defined QDM.html:192:1 (QDM.Rd:129): Warning: <h5> anchor "Arguments" already defined QM.html:130:1 (QM.Rd:108): Warning: <h5> anchor "Usage" already defined QM.html:136:1 (QM.Rd:112): Warning: <h5> anchor "Arguments" already defined QM.html:151:1 (QM.Rd:121): Warning: <h5> anchor "Returns" already defined QM.html:168:1 (QM.Rd:130): Warning: <h5> anchor "Usage" already defined QM.html:174:1 (QM.Rd:134): Warning: <h5> anchor "Arguments" already defined QM.html:187:1 (QM.Rd:141): Warning: <h5> anchor "Returns" already defined QM.html:204:1 (QM.Rd:150): Warning: <h5> anchor "Usage" already defined QM.html:210:1 (QM.Rd:154): Warning: <h5> anchor "Arguments" already defined QMrs.html:123:1 (QMrs.Rd:81): Warning: <h5> anchor "Usage" already defined QMrs.html:129:1 (QMrs.Rd:85): Warning: <h5> anchor "Arguments" already defined QMrs.html:144:1 (QMrs.Rd:94): Warning: <h5> anchor "Returns" already defined QMrs.html:161:1 (QMrs.Rd:103): Warning: <h5> anchor "Usage" already defined QMrs.html:167:1 (QMrs.Rd:107): Warning: <h5> anchor "Arguments" already defined QMrs.html:180:1 (QMrs.Rd:114): Warning: <h5> anchor "Returns" already defined QMrs.html:197:1 (QMrs.Rd:123): Warning: <h5> anchor "Usage" already defined QMrs.html:203:1 (QMrs.Rd:127): Warning: <h5> anchor "Arguments" already defined R2D2.html:123:1 (R2D2.Rd:82): Warning: <h5> anchor "Usage" already defined R2D2.html:129:1 (R2D2.Rd:86): Warning: <h5> anchor "Arguments" already defined R2D2.html:146:1 (R2D2.Rd:97): Warning: <h5> anchor "Returns" already defined R2D2.html:163:1 (R2D2.Rd:106): Warning: <h5> anchor "Usage" already defined R2D2.html:169:1 (R2D2.Rd:110): Warning: <h5> anchor "Arguments" already defined R2D2.html:184:1 (R2D2.Rd:119): Warning: <h5> anchor "Returns" already defined R2D2.html:203:1 (R2D2.Rd:130): Warning: <h5> anchor "Usage" already defined R2D2.html:209:1 (R2D2.Rd:134): Warning: <h5> anchor "Arguments" already defined RBC.html:89:1 (RBC.Rd:58): Warning: <h5> anchor "Usage" already defined RBC.html:113:1 (RBC.Rd:74): Warning: <h5> anchor "Returns" already defined RBC.html:131:1 (RBC.Rd:84): Warning: <h5> anchor "Usage" already defined RBC.html:137:1 (RBC.Rd:88): Warning: <h5> anchor "Arguments" already defined RBC.html:152:1 (RBC.Rd:97): Warning: <h5> anchor "Returns" already defined RBC.html:171:1 (RBC.Rd:108): Warning: <h5> anchor "Usage" already defined RBC.html:177:1 (RBC.Rd:112): Warning: <h5> anchor "Arguments" already defined SchaakeShuffle.html:102:1 (SchaakeShuffle.Rd:54): Warning: <h5> anchor "Usage" already defined SchaakeShuffle.html:108:1 (SchaakeShuffle.Rd:58): Warning: <h5> anchor "Arguments" already defined SchaakeShuffle.html:121:1 (SchaakeShuffle.Rd:65): Warning: <h5> anchor "Returns" already defined SchaakeShuffle.html:138:1 (SchaakeShuffle.Rd:74): Warning: <h5> anchor "Usage" already defined SchaakeShuffle.html:144:1 (SchaakeShuffle.Rd:78): Warning: <h5> anchor "Arguments" already defined SchaakeShuffle.html:157:1 (SchaakeShuffle.Rd:85): Warning: <h5> anchor "Returns" already defined SchaakeShuffle.html:174:1 (SchaakeShuffle.Rd:94): Warning: <h5> anchor "Usage" already defined SchaakeShuffle.html:180:1 (SchaakeShuffle.Rd:98): Warning: <h5> anchor "Arguments" already defined SchaakeShuffleMultiRef.html:124:1 (SchaakeShuffleMultiRef.Rd:71): Warning: <h5> anchor "Usage" already defined SchaakeShuffleMultiRef.html:130:1 (SchaakeShuffleMultiRef.Rd:75): Warning: <h5> anchor "Arguments" already defined SchaakeShuffleMultiRef.html:143:1 (SchaakeShuffleMultiRef.Rd:82): Warning: <h5> anchor "Returns" already defined SchaakeShuffleMultiRef.html:160:1 (SchaakeShuffleMultiRef.Rd:91): Warning: <h5> anchor "Usage" already defined SchaakeShuffleMultiRef.html:166:1 (SchaakeShuffleMultiRef.Rd:95): Warning: <h5> anchor "Arguments" already defined SchaakeShuffleMultiRef.html:179:1 (SchaakeShuffleMultiRef.Rd:102): Warning: <h5> anchor "Returns" already defined SchaakeShuffleMultiRef.html:196:1 (SchaakeShuffleMultiRef.Rd:111): Warning: <h5> anchor "Usage" already defined SchaakeShuffleMultiRef.html:202:1 (SchaakeShuffleMultiRef.Rd:115): Warning: <h5> anchor "Arguments" already defined SchaakeShuffleRef.html:122:1 (SchaakeShuffleRef.Rd:66): Warning: <h5> anchor "Usage" already defined SchaakeShuffleRef.html:128:1 (SchaakeShuffleRef.Rd:70): Warning: <h5> anchor "Arguments" already defined SchaakeShuffleRef.html:141:1 (SchaakeShuffleRef.Rd:77): Warning: <h5> anchor "Returns" already defined SchaakeShuffleRef.html:158:1 (SchaakeShuffleRef.Rd:86): Warning: <h5> anchor "Usage" already defined SchaakeShuffleRef.html:164:1 (SchaakeShuffleRef.Rd:90): Warning: <h5> anchor "Arguments" already defined SchaakeShuffleRef.html:177:1 (SchaakeShuffleRef.Rd:97): Warning: <h5> anchor "Returns" already defined SchaakeShuffleRef.html:194:1 (SchaakeShuffleRef.Rd:106): Warning: <h5> anchor "Usage" already defined SchaakeShuffleRef.html:200:1 (SchaakeShuffleRef.Rd:110): Warning: <h5> anchor "Arguments" already defined Shift.html:85:1 (Shift.Rd:52): Warning: <h3> anchor "Methods" already defined Shift.html:158:1 (Shift.Rd:90): Warning: <h5> anchor "Usage" already defined Shift.html:164:1 (Shift.Rd:94): Warning: <h5> anchor "Arguments" already defined Shift.html:177:1 (Shift.Rd:101): Warning: <h5> anchor "Returns" already defined Shift.html:194:1 (Shift.Rd:110): Warning: <h5> anchor "Usage" already defined Shift.html:200:1 (Shift.Rd:114): Warning: <h5> anchor "Arguments" already defined Shift.html:213:1 (Shift.Rd:121): Warning: <h5> anchor "Returns" already defined Shift.html:230:1 (Shift.Rd:130): Warning: <h5> anchor "Usage" already defined Shift.html:236:1 (Shift.Rd:134): Warning: <h5> anchor "Arguments" already defined SlopeStoppingCriteria.html:130:1 (SlopeStoppingCriteria.Rd:79): Warning: <h5> anchor "Usage" already defined SlopeStoppingCriteria.html:136:1 (SlopeStoppingCriteria.Rd:83): Warning: <h5> anchor "Returns" already defined SlopeStoppingCriteria.html:153:1 (SlopeStoppingCriteria.Rd:92): Warning: <h5> anchor "Usage" already defined SlopeStoppingCriteria.html:159:1 (SlopeStoppingCriteria.Rd:96): Warning: <h5> anchor "Arguments" already defined SlopeStoppingCriteria.html:172:1 (SlopeStoppingCriteria.Rd:103): Warning: <h5> anchor "Returns" already defined SlopeStoppingCriteria.html:189:1 (SlopeStoppingCriteria.Rd:112): Warning: <h5> anchor "Usage" already defined SlopeStoppingCriteria.html:195:1 (SlopeStoppingCriteria.Rd:116): Warning: <h5> anchor "Arguments" already defined TSMBC.html:140:1 (TSMBC.Rd:102): Warning: <h5> anchor "Usage" already defined TSMBC.html:146:1 (TSMBC.Rd:106): Warning: <h5> anchor "Arguments" already defined TSMBC.html:161:1 (TSMBC.Rd:115): Warning: <h5> anchor "Returns" already defined TSMBC.html:178:1 (TSMBC.Rd:124): Warning: <h5> anchor "Usage" already defined TSMBC.html:184:1 (TSMBC.Rd:128): Warning: <h5> anchor "Arguments" already defined TSMBC.html:197:1 (TSMBC.Rd:135): Warning: <h5> anchor "Returns" already defined TSMBC.html:214:1 (TSMBC.Rd:144): Warning: <h5> anchor "Usage" already defined TSMBC.html:220:1 (TSMBC.Rd:148): Warning: <h5> anchor "Arguments" already defined cpp_pairwise_distances_XCall.html:51:1 (cpp_pairwise_distances_XCall.Rd:12): Warning: missing </ul> before </div> cpp_pairwise_distances_XYCall.html:55:1 (cpp_pairwise_distances_XYCall.Rd:14): Warning: missing </ul> before </div> cpp_pairwise_distances_XYstr.html:55:1 (cpp_pairwise_distances_XYstr.Rd:14): Warning: missing </ul> before </div> cpp_pairwise_distances_Xstr.html:51:1 (cpp_pairwise_distances_Xstr.Rd:12): Warning: missing </ul> before </div> dOTC.html:127:1 (dOTC.Rd:96): Warning: <h5> anchor "Usage" already defined dOTC.html:133:1 (dOTC.Rd:100): Warning: <h5> anchor "Arguments" already defined dOTC.html:150:1 (dOTC.Rd:111): Warning: <h5> anchor "Returns" already defined dOTC.html:175:1 (dOTC.Rd:128): Warning: <h5> anchor "Usage" already defined dOTC.html:181:1 (dOTC.Rd:132): Warning: <h5> anchor "Arguments" already defined dOTC.html:196:1 (dOTC.Rd:141): Warning: <h5> anchor "Returns" already defined dOTC.html:215:1 (dOTC.Rd:152): Warning: <h5> anchor "Usage" already defined dOTC.html:221:1 (dOTC.Rd:156): Warning: <h5> anchor "Arguments" already defined dTSMBC.html:142:1 (dTSMBC.Rd:108): Warning: <h5> anchor "Usage" already defined dTSMBC.html:148:1 (dTSMBC.Rd:112): Warning: <h5> anchor "Arguments" already defined dTSMBC.html:165:1 (dTSMBC.Rd:123): Warning: <h5> anchor "Returns" already defined dTSMBC.html:182:1 (dTSMBC.Rd:132): Warning: <h5> anchor "Usage" already defined dTSMBC.html:188:1 (dTSMBC.Rd:136): Warning: <h5> anchor "Arguments" already defined dTSMBC.html:203:1 (dTSMBC.Rd:145): Warning: <h5> anchor "Returns" already defined dTSMBC.html:222:1 (dTSMBC.Rd:156): Warning: <h5> anchor "Usage" already defined dTSMBC.html:228:1 (dTSMBC.Rd:160): Warning: <h5> anchor "Arguments" already defined Flavor: r-devel-linux-x86_64-debian-gcc

Version: 1.0.0
Check: installed package size
Result: NOTE installed size is 5.2Mb sub-directories of 1Mb or more: libs 3.9Mb Flavors: r-oldrel-macos-arm64, r-oldrel-macos-x86_64