Last updated on 2025-11-04 07:50:07 CET.
| Flavor | Version | Tinstall | Tcheck | Ttotal | Status | Flags | 
|---|---|---|---|---|---|---|
| r-devel-linux-x86_64-debian-clang | 1.0.16 | 2.81 | 25.95 | 28.76 | NOTE | |
| r-devel-linux-x86_64-debian-gcc | 1.0.16 | 2.09 | 21.16 | 23.25 | NOTE | |
| r-devel-linux-x86_64-fedora-clang | 1.0.16 | 42.55 | OK | |||
| r-devel-linux-x86_64-fedora-gcc | 1.0.16 | 39.69 | OK | |||
| r-devel-windows-x86_64 | 1.0.16 | 4.00 | 46.00 | 50.00 | OK | |
| r-patched-linux-x86_64 | 1.0.16 | 2.42 | 23.89 | 26.31 | OK | |
| r-release-linux-x86_64 | 1.0.16 | 2.52 | 24.02 | 26.54 | OK | |
| r-release-macos-arm64 | 1.0.16 | 2.00 | 28.00 | 30.00 | OK | |
| r-release-macos-x86_64 | 1.0.16 | 3.00 | 37.00 | 40.00 | OK | |
| r-release-windows-x86_64 | 1.0.16 | 3.00 | 44.00 | 47.00 | OK | |
| r-oldrel-macos-arm64 | 1.0.16 | 2.00 | 27.00 | 29.00 | OK | |
| r-oldrel-macos-x86_64 | 1.0.16 | 2.00 | 28.00 | 30.00 | OK | |
| r-oldrel-windows-x86_64 | 1.0.16 | 5.00 | 53.00 | 58.00 | OK | 
Version: 1.0.16
Check: CRAN incoming feasibility
Result: NOTE
  Maintainer: ‘Brad Cable <brad@bcable.net>’
  
  No Authors@R field in DESCRIPTION.
  Please add one, modifying
    Authors@R: person(given = "Brad",
                      family = "Cable",
                      role = c("aut", "cre"),
                      email = "brad@bcable.net")
  as necessary.
Flavors: r-devel-linux-x86_64-debian-clang, r-devel-linux-x86_64-debian-gcc