Last updated on 2025-07-22 08:48:43 CEST.
Flavor | Version | Tinstall | Tcheck | Ttotal | Status | Flags |
---|---|---|---|---|---|---|
r-devel-linux-x86_64-debian-clang | 0.3.10 | 8.98 | 23.28 | 32.26 | OK | |
r-devel-linux-x86_64-debian-gcc | 0.3.10 | 6.93 | 19.66 | 26.59 | OK | |
r-devel-linux-x86_64-fedora-clang | 0.3.10 | 52.21 | OK | |||
r-devel-linux-x86_64-fedora-gcc | 0.3.10 | 65.46 | OK | |||
r-devel-windows-x86_64 | 0.3.10 | 28.00 | 49.00 | 77.00 | OK | |
r-patched-linux-x86_64 | 0.3.10 | 8.85 | 21.97 | 30.82 | OK | |
r-release-linux-x86_64 | 0.3.10 | 8.67 | 22.11 | 30.78 | OK | |
r-release-macos-arm64 | 0.3.10 | 58.00 | OK | |||
r-release-macos-x86_64 | 0.3.10 | 56.00 | OK | |||
r-release-windows-x86_64 | 0.3.10 | 26.00 | 51.00 | 77.00 | OK | |
r-oldrel-macos-arm64 | 0.3.10 | 56.00 | NOTE | |||
r-oldrel-macos-x86_64 | 0.3.10 | 58.00 | NOTE | |||
r-oldrel-windows-x86_64 | 0.3.10 | 27.00 | 56.00 | 83.00 | NOTE |
Version: 0.3.10
Check: for GNU extensions in Makefiles
Result: NOTE
GNU make is a SystemRequirements.
Flavors: r-oldrel-macos-arm64, r-oldrel-macos-x86_64, r-oldrel-windows-x86_64