CRAN Package Check Results for Package Rrdap

Last updated on 2025-07-22 08:48:42 CEST.

Flavor Version Tinstall Tcheck Ttotal Status Flags
r-devel-linux-x86_64-debian-clang 1.0.7 2.91 26.13 29.04 NOTE
r-devel-linux-x86_64-debian-gcc 1.0.7 2.16 20.86 23.02 NOTE
r-devel-linux-x86_64-fedora-clang 1.0.7 42.39 OK
r-devel-linux-x86_64-fedora-gcc 1.0.7 40.01 OK
r-devel-windows-x86_64 1.0.7 4.00 43.00 47.00 OK
r-patched-linux-x86_64 1.0.7 2.67 24.00 26.67 OK
r-release-linux-x86_64 1.0.7 2.82 23.63 26.45 OK
r-release-macos-arm64 1.0.7 25.00 OK
r-release-macos-x86_64 1.0.7 37.00 OK
r-release-windows-x86_64 1.0.7 5.00 46.00 51.00 OK
r-oldrel-macos-arm64 1.0.7 25.00 OK
r-oldrel-macos-x86_64 1.0.7 29.00 OK
r-oldrel-windows-x86_64 1.0.7 5.00 49.00 54.00 OK

Check Details

Version: 1.0.7
Check: CRAN incoming feasibility
Result: NOTE Maintainer: ‘Brad Cable <brad@bcable.net>’ No Authors@R field in DESCRIPTION. Please add one, modifying Authors@R: person(given = "Brad", family = "Cable", role = c("aut", "cre"), email = "brad@bcable.net") as necessary. Flavors: r-devel-linux-x86_64-debian-clang, r-devel-linux-x86_64-debian-gcc