Last updated on 2025-07-22 08:48:42 CEST.
Flavor | Version | Tinstall | Tcheck | Ttotal | Status | Flags |
---|---|---|---|---|---|---|
r-devel-linux-x86_64-debian-clang | 0.2.5 | 36.07 | 28.33 | 64.40 | NOTE | |
r-devel-linux-x86_64-debian-gcc | 0.2.5 | 29.04 | 23.13 | 52.17 | NOTE | |
r-devel-linux-x86_64-fedora-clang | 0.2.5 | 109.74 | NOTE | |||
r-devel-linux-x86_64-fedora-gcc | 0.2.5 | 115.46 | NOTE | |||
r-devel-windows-x86_64 | 0.2.5 | 43.00 | 70.00 | 113.00 | NOTE | |
r-patched-linux-x86_64 | 0.2.5 | 41.81 | 26.40 | 68.21 | NOTE | |
r-release-linux-x86_64 | 0.2.5 | 41.34 | 26.17 | 67.51 | NOTE | |
r-release-macos-arm64 | 0.2.5 | 35.00 | NOTE | |||
r-release-macos-x86_64 | 0.2.5 | 63.00 | NOTE | |||
r-release-windows-x86_64 | 0.2.5 | 43.00 | 96.00 | 139.00 | NOTE | |
r-oldrel-macos-arm64 | 0.2.5 | 33.00 | NOTE | |||
r-oldrel-macos-x86_64 | 0.2.5 | 53.00 | NOTE | |||
r-oldrel-windows-x86_64 | 0.2.5 | 53.00 | 90.00 | 143.00 | NOTE |
Version: 0.2.5
Check: C++ specification
Result: NOTE
Specified C++11: please drop specification unless essential
Flavors: r-devel-linux-x86_64-debian-clang, r-devel-linux-x86_64-debian-gcc, r-devel-linux-x86_64-fedora-clang, r-devel-linux-x86_64-fedora-gcc, r-devel-windows-x86_64, r-patched-linux-x86_64, r-release-linux-x86_64, r-release-macos-arm64, r-release-macos-x86_64, r-release-windows-x86_64, r-oldrel-macos-arm64, r-oldrel-macos-x86_64, r-oldrel-windows-x86_64
Version: 0.2.5
Check: installed package size
Result: NOTE
installed size is 5.5Mb
sub-directories of 1Mb or more:
libs 5.3Mb
Flavors: r-oldrel-macos-arm64, r-oldrel-macos-x86_64