Last updated on 2025-07-21 20:50:13 CEST.
Flavor | Version | Tinstall | Tcheck | Ttotal | Status | Flags |
---|---|---|---|---|---|---|
r-devel-linux-x86_64-debian-clang | 1.2.4 | 56.86 | 61.53 | 118.39 | OK | |
r-devel-linux-x86_64-debian-gcc | 1.2.4 | 40.54 | 48.39 | 88.93 | OK | |
r-devel-linux-x86_64-fedora-clang | 1.2.4 | 199.10 | OK | |||
r-devel-linux-x86_64-fedora-gcc | 1.2.4 | 213.32 | OK | |||
r-devel-windows-x86_64 | 1.2.4 | 63.00 | 105.00 | 168.00 | OK | |
r-patched-linux-x86_64 | 1.2.4 | 58.90 | 56.93 | 115.83 | OK | |
r-release-linux-x86_64 | 1.2.4 | 56.64 | 56.90 | 113.54 | OK | |
r-release-macos-arm64 | 1.2.4 | 67.00 | OK | |||
r-release-macos-x86_64 | 1.2.4 | 102.00 | OK | |||
r-release-windows-x86_64 | 1.2.4 | 60.00 | 105.00 | 165.00 | OK | |
r-oldrel-macos-arm64 | 1.2.4 | 68.00 | NOTE | |||
r-oldrel-macos-x86_64 | 1.2.4 | 195.00 | NOTE | |||
r-oldrel-windows-x86_64 | 1.2.4 | 60.00 | 127.00 | 187.00 | OK |
Version: 1.2.4
Check: installed package size
Result: NOTE
installed size is 6.4Mb
sub-directories of 1Mb or more:
libs 3.5Mb
swagger 1.4Mb
Flavors: r-oldrel-macos-arm64, r-oldrel-macos-x86_64