Last updated on 2025-07-27 08:48:38 CEST.
Flavor | Version | Tinstall | Tcheck | Ttotal | Status | Flags |
---|---|---|---|---|---|---|
r-devel-linux-x86_64-debian-clang | 0.3.4.0.2 | 53.69 | 40.38 | 94.07 | OK | |
r-devel-linux-x86_64-debian-gcc | 0.3.4.0.2 | 45.40 | 35.62 | 81.02 | OK | |
r-devel-linux-x86_64-fedora-clang | 0.3.4.0.2 | 149.03 | OK | |||
r-devel-linux-x86_64-fedora-gcc | 0.3.4.0.2 | 184.80 | OK | |||
r-devel-windows-x86_64 | 0.3.4.0.2 | 91.00 | 206.00 | 297.00 | OK | |
r-patched-linux-x86_64 | 0.3.4.0.2 | 61.70 | 42.55 | 104.25 | OK | |
r-release-linux-x86_64 | 0.3.4.0.2 | 58.46 | 42.71 | 101.17 | OK | |
r-release-macos-arm64 | 0.3.4.0.2 | 92.00 | OK | |||
r-release-macos-x86_64 | 0.3.4.0.2 | 215.00 | OK | |||
r-release-windows-x86_64 | 0.3.4.0.2 | 74.00 | 195.00 | 269.00 | OK | |
r-oldrel-macos-arm64 | 0.3.4.0.2 | 80.00 | NOTE | |||
r-oldrel-macos-x86_64 | 0.3.4.0.2 | 399.00 | NOTE | |||
r-oldrel-windows-x86_64 | 0.3.4.0.2 | 88.00 | 239.00 | 327.00 | NOTE |
Version: 0.3.4.0.2
Check: installed package size
Result: NOTE
installed size is 34.0Mb
sub-directories of 1Mb or more:
include 9.5Mb
libs 24.1Mb
Flavors: r-oldrel-macos-arm64, r-oldrel-macos-x86_64, r-oldrel-windows-x86_64