CRAN Package Check Results for Package RcmdrPlugin.orloca

Last updated on 2025-07-22 08:48:41 CEST.

Flavor Version Tinstall Tcheck Ttotal Status Flags
r-devel-linux-x86_64-debian-clang 4.8.2 17.91 155.42 173.33 NOTE
r-devel-linux-x86_64-debian-gcc 4.8.2 14.53 118.32 132.85 NOTE
r-devel-linux-x86_64-fedora-clang 4.8.2 273.82 OK
r-devel-linux-x86_64-fedora-gcc 4.8.2 277.97 OK
r-devel-windows-x86_64 4.8.2 28.00 268.00 296.00 OK
r-patched-linux-x86_64 4.8.2 19.74 153.55 173.29 OK
r-release-linux-x86_64 4.8.2 19.73 155.71 175.44 OK
r-release-macos-arm64 4.8.2 107.00 OK
r-release-macos-x86_64 4.8.2 174.00 OK
r-release-windows-x86_64 4.8.2 25.00 147.00 172.00 OK
r-oldrel-macos-arm64 4.8.2 104.00 OK
r-oldrel-macos-x86_64 4.8.2 139.00 OK
r-oldrel-windows-x86_64 4.8.2 22.00 190.00 212.00 OK

Check Details

Version: 4.8.2
Check: CRAN incoming feasibility
Result: NOTE Maintainer: ‘Manuel Munoz-Marquez <manuel.munoz@uca.es>’ No Authors@R field in DESCRIPTION. Please add one, modifying Authors@R: person(given = "Manuel", family = "Munoz-Marquez", role = c("aut", "cre"), email = "manuel.munoz@uca.es") as necessary. Flavors: r-devel-linux-x86_64-debian-clang, r-devel-linux-x86_64-debian-gcc