Last updated on 2025-07-24 20:49:35 CEST.
Flavor | Version | Tinstall | Tcheck | Ttotal | Status | Flags |
---|---|---|---|---|---|---|
r-devel-linux-x86_64-debian-clang | 2.2.2 | 29.09 | 166.92 | 196.01 | NOTE | |
r-devel-linux-x86_64-debian-gcc | 2.2.2 | 19.74 | 115.17 | 134.91 | NOTE | |
r-devel-linux-x86_64-fedora-clang | 2.2.2 | 290.79 | OK | |||
r-devel-linux-x86_64-fedora-gcc | 2.2.2 | 293.73 | OK | |||
r-devel-windows-x86_64 | 2.2.2 | 29.00 | 185.00 | 214.00 | NOTE | |
r-patched-linux-x86_64 | 2.2.2 | 27.25 | 155.71 | 182.96 | NOTE | |
r-release-linux-x86_64 | 2.2.2 | 25.99 | 154.31 | 180.30 | NOTE | |
r-release-macos-arm64 | 2.2.2 | 73.00 | OK | |||
r-release-macos-x86_64 | 2.2.2 | 216.00 | OK | |||
r-release-windows-x86_64 | 2.2.2 | 30.00 | 184.00 | 214.00 | NOTE | |
r-oldrel-macos-arm64 | 2.2.2 | 79.00 | OK | |||
r-oldrel-macos-x86_64 | 2.2.2 | 135.00 | OK | |||
r-oldrel-windows-x86_64 | 2.2.2 | 39.00 | 237.00 | 276.00 | OK |
Version: 2.2.2
Check: Rd cross-references
Result: NOTE
Found the following Rd file(s) with Rd \link{} targets missing package
anchors:
cmax.Rd: apply.yearly, apply.monthly
rvn_rvi_process_diagrammer.Rd: render_graph
rvn_write_Raven_table.Rd: write.fwf
rvn_wyear_indices.Rd: endpoints
Please provide package anchors for all Rd \link{} targets not in the
package itself and the base packages.
Flavors: r-devel-linux-x86_64-debian-clang, r-devel-linux-x86_64-debian-gcc, r-devel-windows-x86_64, r-patched-linux-x86_64, r-release-linux-x86_64, r-release-windows-x86_64