CRAN Package Check Results for Package Rapi

Last updated on 2025-07-22 19:51:58 CEST.

Flavor Version Tinstall Tcheck Ttotal Status Flags
r-devel-linux-x86_64-debian-clang 1.0.6 14.60 39.27 53.87 NOTE
r-devel-linux-x86_64-debian-gcc 1.0.6 11.86 30.14 42.00 NOTE
r-devel-linux-x86_64-fedora-clang 1.0.6 106.66 NOTE
r-devel-linux-x86_64-fedora-gcc 1.0.6 91.30 NOTE
r-devel-windows-x86_64 1.0.6 23.00 86.00 109.00 NOTE
r-patched-linux-x86_64 1.0.6 15.75 35.58 51.33 NOTE
r-release-linux-x86_64 1.0.6 16.53 36.26 52.79 NOTE
r-release-macos-arm64 1.0.6 40.00 NOTE
r-release-macos-x86_64 1.0.6 63.00 NOTE
r-release-windows-x86_64 1.0.6 22.00 83.00 105.00 NOTE
r-oldrel-macos-arm64 1.0.6 43.00 OK
r-oldrel-macos-x86_64 1.0.6 59.00 OK
r-oldrel-windows-x86_64 1.0.6 27.00 97.00 124.00 OK

Check Details

Version: 1.0.6
Check: DESCRIPTION meta-information
Result: NOTE Missing dependency on R >= 4.1.0 because package code uses the pipe |> or function shorthand \(...) syntax added in R 4.1.0. File(s) using such syntax: ‘evds_table_api.R’ ‘excel_internal.R’ ‘request_funcs.R’ ‘sp_df_utils.R’ Flavors: r-devel-linux-x86_64-debian-clang, r-devel-linux-x86_64-debian-gcc, r-devel-linux-x86_64-fedora-clang, r-devel-linux-x86_64-fedora-gcc, r-devel-windows-x86_64, r-patched-linux-x86_64, r-release-linux-x86_64, r-release-macos-arm64, r-release-macos-x86_64, r-release-windows-x86_64