CRAN Package Check Results for Package RadialVisGadgets

Last updated on 2025-09-30 20:50:48 CEST.

Flavor Version Tinstall Tcheck Ttotal Status Flags
r-devel-linux-x86_64-debian-clang 0.2.0 16.32 127.00 143.32 NOTE
r-devel-linux-x86_64-debian-gcc 0.2.0 13.19 87.80 100.99 NOTE
r-devel-linux-x86_64-fedora-clang 0.2.0 221.55 OK
r-devel-linux-x86_64-fedora-gcc 0.2.0 224.67 OK
r-devel-windows-x86_64 0.2.0 17.00 123.00 140.00 OK
r-patched-linux-x86_64 0.2.0 16.67 118.50 135.17 OK
r-release-linux-x86_64 0.2.0 14.48 118.79 133.27 OK
r-release-macos-arm64 0.2.0 59.00 OK
r-release-macos-x86_64 0.2.0 141.00 OK
r-release-windows-x86_64 0.2.0 17.00 122.00 139.00 OK
r-oldrel-macos-arm64 0.2.0 59.00 NOTE
r-oldrel-macos-x86_64 0.2.0 91.00 NOTE
r-oldrel-windows-x86_64 0.2.0 23.00 155.00 178.00 NOTE

Check Details

Version: 0.2.0
Check: CRAN incoming feasibility
Result: NOTE Maintainer: ‘José Matute <jmatuteflores@gmail.com>’ Package CITATION file contains call(s) to old-style personList() or as.personList(). Please use c() on person objects instead. Package CITATION file contains call(s) to old-style citEntry(). Please use bibentry() instead. Flavors: r-devel-linux-x86_64-debian-clang, r-devel-linux-x86_64-debian-gcc

Version: 0.2.0
Check: LazyData
Result: NOTE 'LazyData' is specified without a 'data' directory Flavors: r-oldrel-macos-arm64, r-oldrel-macos-x86_64, r-oldrel-windows-x86_64