Last updated on 2025-10-28 18:50:03 CET.
| Flavor | Version | Tinstall | Tcheck | Ttotal | Status | Flags |
|---|---|---|---|---|---|---|
| r-devel-linux-x86_64-debian-clang | 0.4-46 | 7.87 | 89.07 | 96.94 | OK | |
| r-devel-linux-x86_64-debian-gcc | 0.4-46 | 6.22 | 67.97 | 74.19 | OK | |
| r-devel-linux-x86_64-fedora-clang | 0.4-46 | 15.00 | 139.57 | 154.57 | NOTE | |
| r-devel-linux-x86_64-fedora-gcc | 0.4-46 | 17.00 | 143.12 | 160.12 | NOTE | |
| r-devel-windows-x86_64 | 0.4-46 | 9.00 | 109.00 | 118.00 | OK | |
| r-patched-linux-x86_64 | 0.4-46 | 7.70 | 85.75 | 93.45 | OK | |
| r-release-linux-x86_64 | 0.4-46 | 7.67 | 85.45 | 93.12 | OK | |
| r-release-macos-arm64 | 0.4-46 | 5.00 | 51.00 | 56.00 | NOTE | |
| r-release-macos-x86_64 | 0.4-46 | 9.00 | 86.00 | 95.00 | NOTE | |
| r-release-windows-x86_64 | 0.4-46 | 9.00 | 115.00 | 124.00 | OK | |
| r-oldrel-macos-arm64 | 0.4-46 | 5.00 | 44.00 | 49.00 | OK | |
| r-oldrel-macos-x86_64 | 0.4-46 | 7.00 | 64.00 | 71.00 | OK | |
| r-oldrel-windows-x86_64 | 0.4-46 | 11.00 | 130.00 | 141.00 | OK |
Version: 0.4-46
Check: tests
Result: NOTE
Running ‘data_exchange.R’
Comparing ‘data_exchange.Rout’ to ‘data_exchange.Rout.save’ ...136c136
< 1 2012-12-12 12:12:12 2012-12-12 12:12:12
---
> 1 2012-12-12 12:12:12 2012-12-12 13:12:12
159c159
< 1 2012-12-12 12:12:12 2012-12-12 12:12:12
---
> 1 2012-12-12 12:12:12 2012-12-12 13:12:12
Flavors: r-devel-linux-x86_64-fedora-clang, r-devel-linux-x86_64-fedora-gcc
Version: 0.4-46
Check: tests
Result: NOTE
Running ‘data_exchange.R’ [1s/1s]
Comparing ‘data_exchange.Rout’ to ‘data_exchange.Rout.save’ ...136c136
< 1 2012-12-12 12:12:12 2012-12-13 01:12:12
---
> 1 2012-12-12 12:12:12 2012-12-12 13:12:12
159c159
< 1 2012-12-12 12:12:12 2012-12-13 01:12:12
---
> 1 2012-12-12 12:12:12 2012-12-12 13:12:12
Flavor: r-release-macos-arm64
Version: 0.4-46
Check: tests
Result: NOTE
Running ‘data_exchange.R’ [2s/1s]
Comparing ‘data_exchange.Rout’ to ‘data_exchange.Rout.save’ ...136c136
< 1 2012-12-12 12:12:12 2012-12-12 07:12:12
---
> 1 2012-12-12 12:12:12 2012-12-12 13:12:12
159c159
< 1 2012-12-12 12:12:12 2012-12-12 07:12:12
---
> 1 2012-12-12 12:12:12 2012-12-12 13:12:12
Flavor: r-release-macos-x86_64