Last updated on 2025-11-03 19:50:15 CET.
| Flavor | Version | Tinstall | Tcheck | Ttotal | Status | Flags |
|---|---|---|---|---|---|---|
| r-devel-linux-x86_64-debian-clang | 0.4.26 | 517.17 | 54.51 | 571.68 | OK | |
| r-devel-linux-x86_64-debian-gcc | 0.4.26 | 492.81 | 41.03 | 533.84 | OK | |
| r-devel-linux-x86_64-fedora-gcc | 0.4.26 | 322.00 | 1041.60 | 1363.60 | OK | |
| r-devel-windows-x86_64 | 0.4.26 | 882.00 | 125.00 | 1007.00 | OK | |
| r-patched-linux-x86_64 | 0.4.26 | 698.83 | 50.98 | 749.81 | OK | |
| r-release-linux-x86_64 | 0.4.26 | 705.77 | 50.94 | 756.71 | OK | |
| r-release-macos-arm64 | 0.4.26 | 171.00 | 27.00 | 198.00 | OK | |
| r-release-macos-x86_64 | 0.4.26 | 171.00 | 80.00 | 251.00 | OK | |
| r-release-windows-x86_64 | 0.4.26 | 742.00 | 121.00 | 863.00 | OK | |
| r-oldrel-macos-arm64 | 0.4.26 | 159.00 | 36.00 | 195.00 | NOTE | |
| r-oldrel-macos-x86_64 | 0.4.26 | 204.00 | 82.00 | 286.00 | NOTE | |
| r-oldrel-windows-x86_64 | 0.4.26 | 1013.00 | 149.00 | 1162.00 | NOTE |
Version: 0.4.26
Check: installed package size
Result: NOTE
installed size is 103.5Mb
sub-directories of 1Mb or more:
libs 102.9Mb
Flavors: r-oldrel-macos-arm64, r-oldrel-macos-x86_64, r-oldrel-windows-x86_64