CRAN Package Check Results for Package ROpenDota

Last updated on 2025-07-22 08:48:42 CEST.

Flavor Version Tinstall Tcheck Ttotal Status Flags
r-devel-linux-x86_64-debian-clang 0.1.2 2.79 26.15 28.94 OK
r-devel-linux-x86_64-debian-gcc 0.1.2 2.16 21.62 23.78 OK
r-devel-linux-x86_64-fedora-clang 0.1.2 42.38 OK
r-devel-linux-x86_64-fedora-gcc 0.1.2 40.07 OK
r-devel-windows-x86_64 0.1.2 3.00 45.00 48.00 OK
r-patched-linux-x86_64 0.1.2 2.55 24.17 26.72 OK
r-release-linux-x86_64 0.1.2 2.23 23.90 26.13 OK
r-release-macos-arm64 0.1.2 18.00 OK
r-release-macos-x86_64 0.1.2 30.00 OK
r-release-windows-x86_64 0.1.2 5.00 44.00 49.00 OK
r-oldrel-macos-arm64 0.1.2 17.00 NOTE
r-oldrel-macos-x86_64 0.1.2 25.00 NOTE
r-oldrel-windows-x86_64 0.1.2 3.00 53.00 56.00 NOTE

Check Details

Version: 0.1.2
Check: LazyData
Result: NOTE 'LazyData' is specified without a 'data' directory Flavors: r-oldrel-macos-arm64, r-oldrel-macos-x86_64, r-oldrel-windows-x86_64