Last updated on 2025-11-03 19:50:15 CET.
| Flavor | Version | Tinstall | Tcheck | Ttotal | Status | Flags |
|---|---|---|---|---|---|---|
| r-devel-linux-x86_64-debian-clang | 2.11-1 | 19.18 | 45.90 | 65.08 | OK | |
| r-devel-linux-x86_64-debian-gcc | 2.11-1 | 13.62 | 35.09 | 48.71 | OK | |
| r-devel-linux-x86_64-fedora-clang | 2.11-1 | 46.00 | 55.28 | 101.28 | OK | |
| r-devel-linux-x86_64-fedora-gcc | 2.11-1 | 50.00 | 51.29 | 101.29 | OK | |
| r-devel-windows-x86_64 | 2.11-1 | 84.00 | 181.00 | 265.00 | OK | |
| r-patched-linux-x86_64 | 2.11-1 | 15.30 | 44.31 | 59.61 | OK | |
| r-release-linux-x86_64 | 2.11-1 | 14.03 | 44.28 | 58.31 | OK | |
| r-release-macos-arm64 | 2.11-1 | 26.00 | 45.00 | 71.00 | OK | |
| r-release-macos-x86_64 | 2.11-1 | 46.00 | 60.00 | 106.00 | OK | |
| r-release-windows-x86_64 | 2.11-1 | 83.00 | 191.00 | 274.00 | OK | |
| r-oldrel-macos-arm64 | 2.11-1 | 24.00 | 48.00 | 72.00 | NOTE | |
| r-oldrel-macos-x86_64 | 2.11-1 | 48.00 | 59.00 | 107.00 | NOTE | |
| r-oldrel-windows-x86_64 | 2.11-1 | 110.00 | 240.00 | 350.00 | NOTE |
Version: 2.11-1
Check: package dependencies
Result: NOTE
Packages which this enhances but not available for checking:
'pbdMPI', 'Rmpi'
Flavors: r-oldrel-macos-arm64, r-oldrel-macos-x86_64
Version: 2.11-1
Check: installed package size
Result: NOTE
installed size is 6.8Mb
sub-directories of 1Mb or more:
libs 6.6Mb
Flavors: r-oldrel-macos-arm64, r-oldrel-macos-x86_64, r-oldrel-windows-x86_64
Version: 2.11-1
Check: Rd cross-references
Result: NOTE
Packages unavailable to check Rd xrefs: ‘pbdMPI’, ‘Rmpi’
Flavors: r-oldrel-macos-arm64, r-oldrel-macos-x86_64