Last updated on 2025-07-24 08:49:32 CEST.
Flavor | Version | Tinstall | Tcheck | Ttotal | Status | Flags |
---|---|---|---|---|---|---|
r-devel-linux-x86_64-debian-clang | 1.3.3 | 43.05 | 301.81 | 344.86 | NOTE | |
r-devel-linux-x86_64-debian-gcc | 1.3.3 | 28.07 | 182.96 | 211.03 | NOTE | |
r-devel-linux-x86_64-fedora-clang | 1.3.3 | 541.31 | OK | |||
r-devel-linux-x86_64-fedora-gcc | 1.3.3 | 543.31 | OK | |||
r-devel-windows-x86_64 | 1.3.3 | 51.00 | 348.00 | 399.00 | NOTE | |
r-patched-linux-x86_64 | 1.3.3 | 44.76 | 284.49 | 329.25 | NOTE | |
r-release-linux-x86_64 | 1.3.3 | 40.91 | 285.64 | 326.55 | NOTE | |
r-release-macos-arm64 | 1.3.3 | 132.00 | OK | |||
r-release-macos-x86_64 | 1.3.3 | 297.00 | OK | |||
r-release-windows-x86_64 | 1.3.3 | 50.00 | 377.00 | 427.00 | NOTE | |
r-oldrel-macos-arm64 | 1.3.3 | 136.00 | OK | |||
r-oldrel-macos-x86_64 | 1.3.3 | 227.00 | OK | |||
r-oldrel-windows-x86_64 | 1.3.3 | 67.00 | 466.00 | 533.00 | OK |
Version: 1.3.3
Check: Rd cross-references
Result: NOTE
Found the following Rd file(s) with Rd \link{} targets missing package
anchors:
fLoadAmeriflux22.Rd: read_csv
fLoadFluxnet15.Rd: cols, read_csv
Please provide package anchors for all Rd \link{} targets not in the
package itself and the base packages.
Flavors: r-devel-linux-x86_64-debian-clang, r-devel-linux-x86_64-debian-gcc, r-devel-windows-x86_64, r-patched-linux-x86_64, r-release-linux-x86_64, r-release-windows-x86_64