CRAN Package Check Results for Package REDCapR

Last updated on 2025-07-22 08:48:41 CEST.

Flavor Version Tinstall Tcheck Ttotal Status Flags
r-devel-linux-x86_64-debian-clang 1.4.0 6.36 84.30 90.66 NOTE
r-devel-linux-x86_64-debian-gcc 1.4.0 4.51 63.09 67.60 NOTE
r-devel-linux-x86_64-fedora-clang 1.4.0 136.95 NOTE
r-devel-linux-x86_64-fedora-gcc 1.4.0 144.44 NOTE
r-devel-windows-x86_64 1.4.0 11.00 106.00 117.00 NOTE
r-patched-linux-x86_64 1.4.0 7.88 77.54 85.42 NOTE
r-release-linux-x86_64 1.4.0 6.32 78.13 84.45 NOTE
r-release-macos-arm64 1.4.0 47.00 NOTE
r-release-macos-x86_64 1.4.0 94.00 NOTE
r-release-windows-x86_64 1.4.0 10.00 108.00 118.00 NOTE
r-oldrel-macos-arm64 1.4.0 59.00 OK
r-oldrel-macos-x86_64 1.4.0 99.00 OK
r-oldrel-windows-x86_64 1.4.0 13.00 128.00 141.00 OK

Additional issues

OpenBLAS

Check Details

Version: 1.4.0
Check: DESCRIPTION meta-information
Result: NOTE Missing dependency on R >= 4.1.0 because package code uses the pipe |> or function shorthand \(...) syntax added in R 4.1.0. File(s) using such syntax: ‘helpers-testing.R’ ‘validate.R’ Flavors: r-devel-linux-x86_64-debian-clang, r-devel-linux-x86_64-debian-gcc, r-devel-linux-x86_64-fedora-clang, r-devel-linux-x86_64-fedora-gcc, r-devel-windows-x86_64, r-patched-linux-x86_64, r-release-linux-x86_64, r-release-macos-arm64, r-release-macos-x86_64, r-release-windows-x86_64