Last updated on 2025-10-06 08:50:02 CEST.
Flavor | Version | Tinstall | Tcheck | Ttotal | Status | Flags |
---|---|---|---|---|---|---|
r-devel-linux-x86_64-debian-clang | 2.6.3 | 12.65 | 123.44 | 136.09 | OK | |
r-devel-linux-x86_64-debian-gcc | 2.6.3 | 8.51 | 87.98 | 96.49 | OK | |
r-devel-linux-x86_64-fedora-clang | 2.6.3 | 209.70 | OK | |||
r-devel-linux-x86_64-fedora-gcc | 2.6.3 | 205.66 | OK | |||
r-devel-windows-x86_64 | 2.6.3 | 13.00 | 152.00 | 165.00 | OK | |
r-patched-linux-x86_64 | 2.6.3 | 11.51 | 110.49 | 122.00 | OK | |
r-release-linux-x86_64 | 2.6.3 | 12.13 | 111.09 | 123.22 | OK | |
r-release-macos-arm64 | 2.6.3 | 78.00 | OK | |||
r-release-macos-x86_64 | 2.6.3 | 266.00 | OK | |||
r-release-windows-x86_64 | 2.6.3 | 15.00 | 152.00 | 167.00 | OK | |
r-oldrel-macos-arm64 | 2.6.1 | 66.00 | NOTE | |||
r-oldrel-macos-x86_64 | 2.6.3 | 276.00 | OK | |||
r-oldrel-windows-x86_64 | 2.6.3 | 17.00 | 172.00 | 189.00 | OK |
Version: 2.6.1
Check: Rd files
Result: NOTE
checkRd: (-1) dbConnect-AthenaDriver-method.Rd:109-111: Lost braces in \itemize; meant \describe ?
checkRd: (-1) dbConnect-AthenaDriver-method.Rd:115-120: Lost braces in \itemize; meant \describe ?
checkRd: (-1) dbConnect-AthenaDriver-method.Rd:121-124: Lost braces in \itemize; meant \describe ?
checkRd: (-1) dbConnect-AthenaDriver-method.Rd:125-127: Lost braces in \itemize; meant \describe ?
checkRd: (-1) dbConnect-AthenaDriver-method.Rd:128-138: Lost braces in \itemize; meant \describe ?
Flavor: r-oldrel-macos-arm64