CRAN Package Check Results for Package QoLMiss

Last updated on 2025-10-06 08:50:02 CEST.

Flavor Version Tinstall Tcheck Ttotal Status Flags
r-devel-linux-x86_64-debian-clang 0.1.0 10.25 77.54 87.79 OK
r-devel-linux-x86_64-debian-gcc 0.1.0 6.75 55.76 62.51 OK
r-devel-linux-x86_64-fedora-clang 0.1.0 137.01 NOTE
r-devel-linux-x86_64-fedora-gcc 0.1.0 121.81 NOTE
r-devel-windows-x86_64 0.1.0 12.00 86.00 98.00 OK
r-patched-linux-x86_64 0.1.0 8.16 70.45 78.61 OK
r-release-linux-x86_64 0.1.0 8.95 71.50 80.45 OK
r-release-macos-arm64 0.1.0 39.00 OK
r-release-macos-x86_64 0.1.0 67.00 OK
r-release-windows-x86_64 0.1.0 12.00 85.00 97.00 OK
r-oldrel-macos-arm64 0.1.0 37.00 OK
r-oldrel-macos-x86_64 0.1.0 56.00 OK
r-oldrel-windows-x86_64 0.1.0 15.00 105.00 120.00 OK

Check Details

Version: 0.1.0
Check: dependencies in R code
Result: NOTE Namespace in Imports field not imported from: ‘missMethods’ All declared Imports should be used. Flavors: r-devel-linux-x86_64-fedora-clang, r-devel-linux-x86_64-fedora-gcc