Last updated on 2025-10-30 18:50:01 CET.
| Flavor | Version | Tinstall | Tcheck | Ttotal | Status | Flags | 
|---|---|---|---|---|---|---|
| r-devel-linux-x86_64-debian-clang | 0.0.5 | 3.41 | 38.67 | 42.08 | NOTE | |
| r-devel-linux-x86_64-debian-gcc | 0.0.5 | 2.55 | 29.35 | 31.90 | NOTE | |
| r-devel-linux-x86_64-fedora-clang | 0.0.5 | 66.60 | OK | |||
| r-devel-linux-x86_64-fedora-gcc | 0.0.5 | 75.11 | OK | |||
| r-devel-windows-x86_64 | 0.0.5 | 4.00 | 55.00 | 59.00 | NOTE | |
| r-patched-linux-x86_64 | 0.0.5 | 2.62 | 36.70 | 39.32 | NOTE | |
| r-release-linux-x86_64 | 0.0.5 | 3.11 | 36.29 | 39.40 | NOTE | |
| r-release-macos-arm64 | 0.0.5 | 2.00 | 27.00 | 29.00 | OK | |
| r-release-macos-x86_64 | 0.0.5 | 4.00 | 89.00 | 93.00 | OK | |
| r-release-windows-x86_64 | 0.0.5 | 5.00 | 57.00 | 62.00 | NOTE | |
| r-oldrel-macos-arm64 | 0.0.5 | 2.00 | 25.00 | 27.00 | OK | |
| r-oldrel-macos-x86_64 | 0.0.5 | 2.00 | 55.00 | 57.00 | OK | |
| r-oldrel-windows-x86_64 | 0.0.5 | 6.00 | 82.00 | 88.00 | OK | 
Version: 0.0.5
Check: CRAN incoming feasibility
Result: NOTE
  Maintainer: ‘Bo Liu <bl226@duke.edu>’
  
  The Description field contains
    See Liu and Li (2023) <arXiv:2304.02740> for details.
  Please refer to arXiv e-prints via their arXiv DOI <doi:10.48550/arXiv.YYMM.NNNNN>.
Flavors: r-devel-linux-x86_64-debian-clang, r-devel-linux-x86_64-debian-gcc
Version: 0.0.5
Check: Rd cross-references
Result: NOTE
  Found the following Rd file(s) with Rd \link{} targets missing package
  anchors:
    PStrata-package.Rd: lme4
  Please provide package anchors for all Rd \link{} targets not in the
  package itself and the base packages.
Flavors: r-devel-linux-x86_64-debian-clang, r-devel-linux-x86_64-debian-gcc, r-devel-windows-x86_64, r-patched-linux-x86_64, r-release-linux-x86_64, r-release-windows-x86_64