CRAN Package Check Results for Package PCovR

Last updated on 2025-09-30 20:50:46 CEST.

Flavor Version Tinstall Tcheck Ttotal Status Flags
r-devel-linux-x86_64-debian-clang 2.7.2 5.88 58.70 64.58 NOTE
r-devel-linux-x86_64-debian-gcc 2.7.2 5.06 44.68 49.74 NOTE
r-devel-linux-x86_64-fedora-clang 2.7.2 99.49 OK
r-devel-linux-x86_64-fedora-gcc 2.7.2 96.06 OK
r-devel-windows-x86_64 2.7.2 8.00 71.00 79.00 OK
r-patched-linux-x86_64 2.7.2 6.49 56.73 63.22 OK
r-release-linux-x86_64 2.7.2 6.48 55.93 62.41 OK
r-release-macos-arm64 2.7.2 36.00 OK
r-release-macos-x86_64 2.7.2 58.00 OK
r-release-windows-x86_64 2.7.2 7.00 70.00 77.00 OK
r-oldrel-macos-arm64 2.7.2 31.00 OK
r-oldrel-macos-x86_64 2.7.2 46.00 OK
r-oldrel-windows-x86_64 2.7.2 10.00 83.00 93.00 OK

Check Details

Version: 2.7.2
Check: CRAN incoming feasibility
Result: NOTE Maintainer: ‘Kristof Meers <kristof.meers+cran@kuleuven.be>’ No Authors@R field in DESCRIPTION. Please add one, modifying Authors@R: c(person(given = "Marlies", family = "Vervloet", role = c("aut", "cre")), person(given = "Henk", family = "Kiers", role = "aut"), person(given = "Eva", family = "Ceulemans", role = "ctb"), person(given = "Kristof", family = "Meers", role = "cre", email = "kristof.meers+cran@kuleuven.be")) as necessary. Flavors: r-devel-linux-x86_64-debian-clang, r-devel-linux-x86_64-debian-gcc