Last updated on 2025-10-21 19:51:31 CEST.
Flavor | Version | Tinstall | Tcheck | Ttotal | Status | Flags |
---|---|---|---|---|---|---|
r-devel-linux-x86_64-debian-clang | 1.2-4 | 2.36 | 272.92 | 275.28 | NOTE | |
r-devel-linux-x86_64-debian-gcc | 1.2-4 | 2.01 | 161.81 | 163.82 | NOTE | |
r-devel-linux-x86_64-fedora-clang | 1.2-4 | 13.00 | 476.01 | 489.01 | OK | |
r-devel-linux-x86_64-fedora-gcc | 1.2-4 | 484.52 | OK | |||
r-devel-windows-x86_64 | 1.2-4 | 3.00 | 262.00 | 265.00 | OK | |
r-patched-linux-x86_64 | 1.2-4 | 2.82 | 258.11 | 260.93 | OK | |
r-release-linux-x86_64 | 1.2-4 | 2.50 | 259.28 | 261.78 | OK | |
r-release-macos-arm64 | 1.2-4 | 1.00 | 92.00 | 93.00 | OK | |
r-release-macos-x86_64 | 1.2-4 | 2.00 | 210.00 | 212.00 | OK | |
r-release-windows-x86_64 | 1.2-4 | 4.00 | 261.00 | 265.00 | OK | |
r-oldrel-macos-arm64 | 1.2-4 | 1.00 | 88.00 | 89.00 | OK | |
r-oldrel-macos-x86_64 | 1.2-4 | 2.00 | 140.00 | 142.00 | OK | |
r-oldrel-windows-x86_64 | 1.2-4 | 7.00 | 376.00 | 383.00 | OK |
Version: 1.2-4
Check: HTML version of manual
Result: NOTE
Found the following HTML validation problems:
p_rho.html:58:1 (p_rho.Rd:16): Warning: missing </ul> before </div>
Flavors: r-devel-linux-x86_64-debian-clang, r-devel-linux-x86_64-debian-gcc