Last updated on 2025-10-31 06:50:51 CET.
| Flavor | Version | Tinstall | Tcheck | Ttotal | Status | Flags | 
|---|---|---|---|---|---|---|
| r-devel-linux-x86_64-debian-clang | 1.3 | 11.29 | 98.75 | 110.04 | NOTE | |
| r-devel-linux-x86_64-debian-gcc | 1.3 | 8.82 | 70.43 | 79.25 | NOTE | |
| r-devel-linux-x86_64-fedora-clang | 1.3 | 27.00 | 149.40 | 176.40 | OK | |
| r-devel-linux-x86_64-fedora-gcc | 1.3 | 26.00 | 135.49 | 161.49 | OK | |
| r-devel-windows-x86_64 | 1.3 | 13.00 | 99.00 | 112.00 | OK | |
| r-patched-linux-x86_64 | 1.3 | 11.69 | 92.59 | 104.28 | OK | |
| r-release-linux-x86_64 | 1.3 | 11.46 | 92.61 | 104.07 | OK | |
| r-release-macos-arm64 | 1.3 | 5.00 | 36.00 | 41.00 | OK | |
| r-release-macos-x86_64 | 1.3 | 11.00 | 82.00 | 93.00 | OK | |
| r-release-windows-x86_64 | 1.3 | 13.00 | 102.00 | 115.00 | OK | |
| r-oldrel-macos-arm64 | 1.3 | 5.00 | 40.00 | 45.00 | OK | |
| r-oldrel-macos-x86_64 | 1.3 | 8.00 | 55.00 | 63.00 | OK | |
| r-oldrel-windows-x86_64 | 1.3 | 18.00 | 124.00 | 142.00 | OK | 
Version: 1.3
Check: CRAN incoming feasibility
Result: NOTE
  Maintainer: ‘Paolo Frumento <paolo.frumento@unipi.it>’
  
  No Authors@R field in DESCRIPTION.
  Please add one, modifying
    Authors@R: person(given = "Paolo",
                      family = "Frumento",
                      role = c("aut", "cre"),
                      email = "paolo.frumento@unipi.it")
  as necessary.
Flavors: r-devel-linux-x86_64-debian-clang, r-devel-linux-x86_64-debian-gcc