CRAN Package Check Results for Package MoTBFs

Last updated on 2025-07-23 08:48:55 CEST.

Flavor Version Tinstall Tcheck Ttotal Status Flags
r-devel-linux-x86_64-debian-clang 1.4.1 14.19 135.50 149.69 NOTE
r-devel-linux-x86_64-debian-gcc 1.4.2 7.96 94.69 102.65 OK
r-devel-linux-x86_64-fedora-clang 1.4.2 242.53 OK
r-devel-linux-x86_64-fedora-gcc 1.4.2 236.46 OK
r-devel-windows-x86_64 1.4.1 14.00 158.00 172.00 NOTE
r-patched-linux-x86_64 1.4.1 14.51 128.92 143.43 NOTE
r-release-linux-x86_64 1.4.1 13.97 127.92 141.89 NOTE
r-release-macos-arm64 1.4.1 68.00 OK
r-release-macos-x86_64 1.4.2 135.00 OK
r-release-windows-x86_64 1.4.2 16.00 154.00 170.00 OK
r-oldrel-macos-arm64 1.4.1 62.00 OK
r-oldrel-macos-x86_64 1.4.2 131.00 OK
r-oldrel-windows-x86_64 1.4.2 19.00 200.00 219.00 OK

Check Details

Version: 1.4.1
Check: CRAN incoming feasibility
Result: NOTE Maintainer: ‘Ana D. Maldonado <ana.d.maldonado@ual.es>’ No Authors@R field in DESCRIPTION. Please add one, modifying Authors@R: c(person(given = "Inmaculada", family = "Pérez-Bernabé", role = "aut"), person(given = "Antonio", family = "Salmerón", role = "aut"), person(given = c("Thomas", "D."), family = "Nielsen", role = "aut"), person(given = c("Ana", "D."), family = "Maldonado", role = c("aut", "cre"), email = "ana.d.maldonado@ual.es")) as necessary. Flavor: r-devel-linux-x86_64-debian-clang

Version: 1.4.1
Check: Rd cross-references
Result: NOTE Found the following Rd file(s) with Rd \link{} targets missing package anchors: LearningHC.Rd: hc Please provide package anchors for all Rd \link{} targets not in the package itself and the base packages. Flavors: r-devel-linux-x86_64-debian-clang, r-devel-windows-x86_64, r-patched-linux-x86_64, r-release-linux-x86_64