CRAN Package Check Results for Package MfUSampler

Last updated on 2025-10-01 08:48:43 CEST.

Flavor Version Tinstall Tcheck Ttotal Status Flags
r-devel-linux-x86_64-debian-clang 1.1.0 2.18 54.99 57.17 NOTE
r-devel-linux-x86_64-debian-gcc 1.1.0 1.85 50.47 52.32 NOTE
r-devel-linux-x86_64-fedora-clang 1.1.0 77.73 OK
r-devel-linux-x86_64-fedora-gcc 1.1.0 88.94 OK
r-devel-windows-x86_64 1.1.0 5.00 130.00 135.00 OK
r-patched-linux-x86_64 1.1.0 2.28 58.25 60.53 OK
r-release-linux-x86_64 1.1.0 1.75 51.36 53.11 OK
r-release-macos-arm64 1.1.0 47.00 OK
r-release-macos-x86_64 1.1.0 212.00 OK
r-release-windows-x86_64 1.1.0 4.00 146.00 150.00 OK
r-oldrel-macos-arm64 1.1.0 32.00 OK
r-oldrel-macos-x86_64 1.1.0 51.00 OK
r-oldrel-windows-x86_64 1.1.0 4.00 93.00 97.00 OK

Check Details

Version: 1.1.0
Check: CRAN incoming feasibility
Result: NOTE Maintainer: ‘Alireza S. Mahani <alireza.s.mahani@gmail.com>’ No Authors@R field in DESCRIPTION. Please add one, modifying Authors@R: c(person(given = c("Alireza", "S."), family = "Mahani", role = c("aut", "cre"), email = "alireza.s.mahani@gmail.com"), person(given = c("Mansour", "T.A."), family = "Sharabiani", role = "aut")) as necessary. Flavors: r-devel-linux-x86_64-debian-clang, r-devel-linux-x86_64-debian-gcc