Last updated on 2025-10-30 18:49:57 CET.
| Flavor | Version | Tinstall | Tcheck | Ttotal | Status | Flags | 
|---|---|---|---|---|---|---|
| r-devel-linux-x86_64-debian-clang | 1.1 | 2.78 | 25.98 | 28.76 | NOTE | |
| r-devel-linux-x86_64-debian-gcc | 1.1 | 1.82 | 20.63 | 22.45 | NOTE | |
| r-devel-linux-x86_64-fedora-clang | 1.1 | 42.95 | OK | |||
| r-devel-linux-x86_64-fedora-gcc | 1.1 | 41.63 | OK | |||
| r-devel-windows-x86_64 | 1.1 | 4.00 | 43.00 | 47.00 | OK | |
| r-patched-linux-x86_64 | 1.1 | 2.88 | 24.80 | 27.68 | OK | |
| r-release-linux-x86_64 | 1.1 | 2.27 | 24.85 | 27.12 | OK | |
| r-release-macos-arm64 | 1.1 | 2.00 | 29.00 | 31.00 | OK | |
| r-release-macos-x86_64 | 1.1 | 2.00 | 28.00 | 30.00 | OK | |
| r-release-windows-x86_64 | 1.1 | 4.00 | 47.00 | 51.00 | OK | |
| r-oldrel-macos-arm64 | 1.1 | 1.00 | 15.00 | 16.00 | OK | |
| r-oldrel-macos-x86_64 | 1.1 | 3.00 | 22.00 | 25.00 | OK | |
| r-oldrel-windows-x86_64 | 1.1 | 5.00 | 53.00 | 58.00 | OK | 
Version: 1.1
Check: CRAN incoming feasibility
Result: NOTE
  Maintainer: ‘Monica Calderon-Santiago <b42casam@uco.es>’
  
  No Authors@R field in DESCRIPTION.
  Please add one, modifying
    Authors@R: person(given = "Monica",
                      family = "Calderon-Santiago",
                      role = c("aut", "cre"),
                      email = "b42casam@uco.es")
  as necessary.
Flavors: r-devel-linux-x86_64-debian-clang, r-devel-linux-x86_64-debian-gcc