CRAN Package Check Results for Package MedxR

Last updated on 2025-10-27 19:53:05 CET.

Flavor Version Tinstall Tcheck Ttotal Status Flags
r-devel-linux-x86_64-debian-clang 0.1.0 4.89 62.34 67.23 OK
r-devel-linux-x86_64-debian-gcc 0.1.0 3.79 45.60 49.39 OK
r-devel-linux-x86_64-fedora-clang 0.1.0 13.00 85.63 98.63 OK
r-devel-linux-x86_64-fedora-gcc 0.1.0 20.00 91.80 111.80 OK
r-devel-windows-x86_64 0.1.0 11.00 113.00 124.00 OK
r-patched-linux-x86_64 0.1.0 5.45 57.22 62.67 OK
r-release-linux-x86_64 0.1.0 3.91 57.25 61.16 OK
r-release-macos-arm64 0.1.0 2.00 39.00 41.00 ERROR
r-release-macos-x86_64 0.1.0 8.00 103.00 111.00 ERROR
r-release-windows-x86_64 0.1.0 7.00 96.00 103.00 OK
r-oldrel-macos-arm64 0.1.0 2.00 46.00 48.00 ERROR
r-oldrel-macos-x86_64 0.1.0 12.00 149.00 161.00 ERROR
r-oldrel-windows-x86_64 0.1.0 9.00 108.00 117.00 OK

Check Details

Version: 0.1.0
Check: re-building of vignette outputs
Result: ERROR Error(s) in re-building vignettes: --- re-building ‘MedxR_vignette.Rmd’ using rmarkdown Quitting from MedxR_vignette.Rmd:108-114 [health-canada-din] ~~~~~~~~~~~~~~~~~~~~~~~~~~~~~~~~~~~~~~~~~~~~~~~~~~~~~~~~~~~~~~~~~~~~~~~~~~~~~~~~~~~~~~~~~~~~~~~~~~~~~~~~~~~~~~~~~~~~~~~~~~~~~~~~~~~~~~~~~~~~~~~~~~~~~~ <error/rlang_error> Error in `curl::curl_fetch_memory()`: ! SSL peer certificate or SSH remote key was not OK [health-products.canada.ca]: SSL certificate problem: unable to get local issuer certificate --- Backtrace: ▆ 1. ├─MedxR::get_hc_drug_by_din("00000213") 2. │ ├─MedxR (local) fetch_data(url) 3. │ │ ├─base::withVisible(eval(mc, parent.frame())) 4. │ │ └─base::eval(mc, parent.frame()) 5. │ │ └─base::eval(mc, parent.frame()) 6. │ └─MedxR (local) `<fn>`(url = url) 7. │ └─httr::GET(url) 8. │ └─httr:::request_perform(req, hu$handle$handle) 9. │ ├─httr:::request_fetch(req$output, req$url, handle) 10. │ └─httr:::request_fetch.write_memory(req$output, req$url, handle) 11. │ └─curl::curl_fetch_memory(url, handle = handle) 12. └─curl:::raise_libcurl_error(...) ~~~~~~~~~~~~~~~~~~~~~~~~~~~~~~~~~~~~~~~~~~~~~~~~~~~~~~~~~~~~~~~~~~~~~~~~~~~~~~~~~~~~~~~~~~~~~~~~~~~~~~~~~~~~~~~~~~~~~~~~~~~~~~~~~~~~~~~~~~~~~~~~~~~~~~ Error: processing vignette 'MedxR_vignette.Rmd' failed with diagnostics: SSL peer certificate or SSH remote key was not OK [health-products.canada.ca]: SSL certificate problem: unable to get local issuer certificate --- failed re-building ‘MedxR_vignette.Rmd’ SUMMARY: processing the following file failed: ‘MedxR_vignette.Rmd’ Error: Vignette re-building failed. Execution halted Flavors: r-release-macos-arm64, r-oldrel-macos-arm64, r-oldrel-macos-x86_64

Version: 0.1.0
Check: re-building of vignette outputs
Result: ERROR Error(s) in re-building vignettes: --- re-building ‘MedxR_vignette.Rmd’ using rmarkdown Quitting from MedxR_vignette.Rmd:84-92 [fda-adverse-events] ~~~~~~~~~~~~~~~~~~~~~~~~~~~~~~~~~~~~~~~~~~~~~~~~~~~~~~~~~~~~~~~~~~~~~~~~~~~~~~~~~~~~~~~~~~~~~~~~~~~~~~~~~~~~~~~~~~~~~~~~~~~~~~~~~~~~~~~~~~~~~~~~~~~~~~ <error/rlang_error> Error in `curl::curl_fetch_memory()`: ! Timeout was reached [api.fda.gov]: Resolving timed out after 10000 milliseconds --- Backtrace: ▆ 1. ├─MedxR::get_fda_adverse_events("aspirin") 2. │ ├─MedxR (local) fetch_data(url) 3. │ │ ├─base::withVisible(eval(mc, parent.frame())) 4. │ │ └─base::eval(mc, parent.frame()) 5. │ │ └─base::eval(mc, parent.frame()) 6. │ └─MedxR (local) `<fn>`(url = url) 7. │ └─httr::GET(url) 8. │ └─httr:::request_perform(req, hu$handle$handle) 9. │ ├─httr:::request_fetch(req$output, req$url, handle) 10. │ └─httr:::request_fetch.write_memory(req$output, req$url, handle) 11. │ └─curl::curl_fetch_memory(url, handle = handle) 12. └─curl:::raise_libcurl_error(...) ~~~~~~~~~~~~~~~~~~~~~~~~~~~~~~~~~~~~~~~~~~~~~~~~~~~~~~~~~~~~~~~~~~~~~~~~~~~~~~~~~~~~~~~~~~~~~~~~~~~~~~~~~~~~~~~~~~~~~~~~~~~~~~~~~~~~~~~~~~~~~~~~~~~~~~ Error: processing vignette 'MedxR_vignette.Rmd' failed with diagnostics: Timeout was reached [api.fda.gov]: Resolving timed out after 10000 milliseconds --- failed re-building ‘MedxR_vignette.Rmd’ SUMMARY: processing the following file failed: ‘MedxR_vignette.Rmd’ Error: Vignette re-building failed. Execution halted Flavor: r-release-macos-x86_64