Last updated on 2025-11-03 19:50:06 CET.
| Flavor | Version | Tinstall | Tcheck | Ttotal | Status | Flags |
|---|---|---|---|---|---|---|
| r-devel-linux-x86_64-debian-clang | 0.1.4.3 | 28.47 | 164.43 | 192.90 | OK | |
| r-devel-linux-x86_64-debian-gcc | 0.1.4.3 | 22.13 | 120.80 | 142.93 | OK | |
| r-devel-linux-x86_64-fedora-clang | 0.1.4.3 | 60.00 | 240.55 | 300.55 | OK | |
| r-devel-linux-x86_64-fedora-gcc | 0.1.4.3 | 57.00 | 364.20 | 421.20 | OK | |
| r-devel-windows-x86_64 | 0.1.4.3 | 29.00 | 159.00 | 188.00 | OK | |
| r-patched-linux-x86_64 | 0.1.4.3 | 26.48 | 157.61 | 184.09 | OK | |
| r-release-linux-x86_64 | 0.1.4.3 | 24.83 | 160.86 | 185.69 | OK | |
| r-release-macos-arm64 | 0.1.4.3 | 18.00 | 80.00 | 98.00 | OK | |
| r-release-macos-x86_64 | 0.1.4.3 | 25.00 | 254.00 | 279.00 | OK | |
| r-release-windows-x86_64 | 0.1.4.3 | 32.00 | 156.00 | 188.00 | OK | |
| r-oldrel-macos-arm64 | 0.1.4.3 | 17.00 | 102.00 | 119.00 | NOTE | |
| r-oldrel-macos-x86_64 | 0.1.4.3 | 27.00 | 210.00 | 237.00 | NOTE | |
| r-oldrel-windows-x86_64 | 0.1.4.3 | 41.00 | 210.00 | 251.00 | OK |
Version: 0.1.4.3
Check: installed package size
Result: NOTE
installed size is 5.2Mb
sub-directories of 1Mb or more:
R 1.1Mb
data 3.9Mb
Flavors: r-oldrel-macos-arm64, r-oldrel-macos-x86_64