CRAN Package Check Results for Package LogisticEnsembles

Last updated on 2025-07-21 20:50:06 CEST.

Flavor Version Tinstall Tcheck Ttotal Status Flags
r-devel-linux-x86_64-debian-clang 0.5.0 75.86 242.78 318.64 OK
r-devel-linux-x86_64-debian-gcc 0.5.0 52.79 167.09 219.88 OK
r-devel-linux-x86_64-fedora-clang 0.5.0 516.51 OK
r-devel-linux-x86_64-fedora-gcc 0.5.0 494.50 OK
r-devel-windows-x86_64 0.5.0 77.00 191.00 268.00 OK
r-patched-linux-x86_64 0.5.0 72.77 221.08 293.85 OK
r-release-linux-x86_64 0.5.0 71.29 220.79 292.08 OK
r-release-macos-arm64 0.5.0 135.00 OK
r-release-macos-x86_64 0.5.0 289.00 OK
r-release-windows-x86_64 0.5.0 72.00 190.00 262.00 OK
r-oldrel-macos-arm64 0.5.0 135.00 NOTE
r-oldrel-macos-x86_64 0.5.0 288.00 NOTE
r-oldrel-windows-x86_64 0.5.0 101.00 262.00 363.00 NOTE

Check Details

Version: 0.5.0
Check: package dependencies
Result: NOTE Depends: includes the non-default packages: 'adabag', 'arm', 'brnn', 'C50', 'car', 'corrplot', 'Cubist', 'doParallel', 'dplyr', 'e1071', 'gam', 'gbm', 'ggplot2', 'ggplotify', 'gridExtra', 'gt', 'ipred', 'klaR', 'MachineShop', 'magrittr', 'MASS', 'mda', 'parallel', 'pls', 'pROC', 'purrr', 'randomForest', 'ranger', 'reactable', 'reactablefmtr', 'readr', 'rpart', 'scales', 'tidyr', 'tree', 'xgboost' Adding so many packages to the search path is excessive and importing selectively is preferable. Flavors: r-oldrel-macos-arm64, r-oldrel-macos-x86_64, r-oldrel-windows-x86_64