Last updated on 2025-07-27 08:48:32 CEST.
Flavor | Version | Tinstall | Tcheck | Ttotal | Status | Flags |
---|---|---|---|---|---|---|
r-devel-linux-x86_64-debian-clang | 1.1.0 | 14.19 | 123.12 | 137.31 | OK | |
r-devel-linux-x86_64-debian-gcc | 1.1.0 | 10.50 | 89.67 | 100.17 | OK | |
r-devel-linux-x86_64-fedora-clang | 1.1.0 | 214.12 | OK | |||
r-devel-linux-x86_64-fedora-gcc | 1.1.0 | 211.56 | OK | |||
r-devel-windows-x86_64 | 1.1.0 | 15.00 | 119.00 | 134.00 | OK | |
r-patched-linux-x86_64 | 1.1.0 | 13.74 | 117.87 | 131.61 | OK | |
r-release-linux-x86_64 | 1.1.0 | 13.61 | 118.95 | 132.56 | OK | |
r-release-macos-arm64 | 1.1.0 | 56.00 | OK | |||
r-release-macos-x86_64 | 1.1.0 | 120.00 | OK | |||
r-release-windows-x86_64 | 1.1.0 | 16.00 | 117.00 | 133.00 | OK | |
r-oldrel-macos-arm64 | 1.1.0 | 61.00 | NOTE | |||
r-oldrel-macos-x86_64 | 1.1.0 | 93.00 | NOTE | |||
r-oldrel-windows-x86_64 | 1.1.0 | 20.00 | 150.00 | 170.00 | NOTE |
Version: 1.1.0
Check: LazyData
Result: NOTE
'LazyData' is specified without a 'data' directory
Flavors: r-oldrel-macos-arm64, r-oldrel-macos-x86_64, r-oldrel-windows-x86_64