CRAN Package Check Results for Package IMIFA

Last updated on 2025-09-30 20:50:41 CEST.

Flavor Version Tinstall Tcheck Ttotal Status Flags
r-devel-linux-x86_64-debian-clang 2.2.0 17.40 122.70 140.10 NOTE
r-devel-linux-x86_64-debian-gcc 2.2.0 13.41 82.00 95.41 NOTE
r-devel-linux-x86_64-fedora-clang 2.2.0 222.01 OK
r-devel-linux-x86_64-fedora-gcc 2.2.0 224.72 OK
r-devel-windows-x86_64 2.2.0 25.00 120.00 145.00 OK
r-patched-linux-x86_64 2.2.0 22.23 118.22 140.45 OK
r-release-linux-x86_64 2.2.0 20.60 116.93 137.53 OK
r-release-macos-arm64 2.2.0 75.00 OK
r-release-macos-x86_64 2.2.0 135.00 OK
r-release-windows-x86_64 2.2.0 21.00 118.00 139.00 OK
r-oldrel-macos-arm64 2.2.0 57.00 OK
r-oldrel-macos-x86_64 2.2.0 95.00 OK
r-oldrel-windows-x86_64 2.2.0 32.00 150.00 182.00 OK

Check Details

Version: 2.2.0
Check: CRAN incoming feasibility
Result: NOTE Maintainer: ‘Keefe Murphy <keefe.murphy@mu.ie>’ The BugReports field in DESCRIPTION has https://github.com/Keefe-Murphy/IMIFA which should likely be https://github.com/Keefe-Murphy/IMIFA/issues instead. Flavors: r-devel-linux-x86_64-debian-clang, r-devel-linux-x86_64-debian-gcc