Last updated on 2025-10-30 18:49:55 CET.
| Flavor | Version | Tinstall | Tcheck | Ttotal | Status | Flags | 
|---|---|---|---|---|---|---|
| r-devel-linux-x86_64-debian-clang | 1.2.5 | 47.01 | 160.07 | 207.08 | NOTE | |
| r-devel-linux-x86_64-debian-gcc | 1.2.5 | 30.69 | 108.48 | 139.17 | NOTE | |
| r-devel-linux-x86_64-fedora-clang | 1.2.5 | 197.00 | 145.25 | 342.25 | NOTE | |
| r-devel-linux-x86_64-fedora-gcc | 1.2.5 | 96.00 | 228.39 | 324.39 | NOTE | |
| r-devel-windows-x86_64 | 1.2.5 | 44.00 | 161.00 | 205.00 | NOTE | |
| r-patched-linux-x86_64 | 1.2.5 | 45.14 | 153.43 | 198.57 | NOTE | |
| r-release-linux-x86_64 | 1.2.5 | 44.37 | 154.99 | 199.36 | NOTE | |
| r-release-macos-arm64 | 1.2.5 | 28.00 | 81.00 | 109.00 | NOTE | |
| r-release-macos-x86_64 | 1.2.5 | 50.00 | 168.00 | 218.00 | NOTE | |
| r-release-windows-x86_64 | 1.2.5 | 46.00 | 159.00 | 205.00 | NOTE | |
| r-oldrel-macos-arm64 | 1.2.5 | 31.00 | 77.00 | 108.00 | OK | |
| r-oldrel-macos-x86_64 | 1.2.5 | 39.00 | 113.00 | 152.00 | OK | |
| r-oldrel-windows-x86_64 | 1.2.5 | 59.00 | 205.00 | 264.00 | OK | 
Version: 1.2.5
Check: DESCRIPTION meta-information
Result: NOTE
    Missing dependency on R >= 4.1.0 because package code uses the pipe
    |> or function shorthand \(...) syntax added in R 4.1.0.
    File(s) using such syntax:
      ‘icd_lookup.R’
Flavors: r-devel-linux-x86_64-debian-clang, r-devel-linux-x86_64-debian-gcc, r-devel-linux-x86_64-fedora-clang, r-devel-linux-x86_64-fedora-gcc, r-devel-windows-x86_64, r-patched-linux-x86_64, r-release-linux-x86_64, r-release-macos-arm64, r-release-macos-x86_64, r-release-windows-x86_64