CRAN Package Check Results for Package ICCbin

Last updated on 2025-07-24 08:49:24 CEST.

Flavor Version Tinstall Tcheck Ttotal Status Flags
r-devel-linux-x86_64-debian-clang 1.1.1 2.71 28.21 30.92 OK
r-devel-linux-x86_64-debian-gcc 1.1.1 2.00 21.75 23.75 OK
r-devel-linux-x86_64-fedora-clang 1.1.1 47.32 OK
r-devel-linux-x86_64-fedora-gcc 1.1.1 44.47 OK
r-devel-windows-x86_64 1.1.1 3.00 46.00 49.00 OK
r-patched-linux-x86_64 1.1.1 2.59 26.52 29.11 OK
r-release-linux-x86_64 1.1.1 2.81 26.53 29.34 OK
r-release-macos-arm64 1.1.1 17.00 OK
r-release-macos-x86_64 1.1.1 31.00 OK
r-release-windows-x86_64 1.1.1 3.00 46.00 49.00 OK
r-oldrel-macos-arm64 1.1.1 17.00 NOTE
r-oldrel-macos-x86_64 1.1.1 24.00 NOTE
r-oldrel-windows-x86_64 1.1.1 5.00 54.00 59.00 NOTE

Check Details

Version: 1.1.1
Check: LazyData
Result: NOTE 'LazyData' is specified without a 'data' directory Flavors: r-oldrel-macos-arm64, r-oldrel-macos-x86_64, r-oldrel-windows-x86_64