CRAN Package Check Results for Package HypergeoMat

Last updated on 2025-09-30 20:50:41 CEST.

Flavor Version Tinstall Tcheck Ttotal Status Flags
r-devel-linux-x86_64-debian-clang 4.0.3 20.41 43.83 64.24 NOTE
r-devel-linux-x86_64-debian-gcc 4.0.3 12.99 33.34 46.33 NOTE
r-devel-linux-x86_64-fedora-clang 4.0.3 102.44 OK
r-devel-linux-x86_64-fedora-gcc 4.0.3 110.69 OK
r-devel-windows-x86_64 4.0.3 23.00 83.00 106.00 OK
r-patched-linux-x86_64 4.0.3 19.29 40.77 60.06 OK
r-release-linux-x86_64 4.0.3 18.80 40.85 59.65 OK
r-release-macos-arm64 4.0.3 40.00 OK
r-release-macos-x86_64 4.0.3 80.00 OK
r-release-windows-x86_64 4.0.3 24.00 84.00 108.00 OK
r-oldrel-macos-arm64 4.0.3 55.00 OK
r-oldrel-macos-x86_64 4.0.3 143.00 OK
r-oldrel-windows-x86_64 4.0.3 28.00 105.00 133.00 OK

Check Details

Version: 4.0.3
Check: CRAN incoming feasibility
Result: NOTE Maintainer: ‘Stéphane Laurent <laurent_step@outlook.fr>’ No Authors@R field in DESCRIPTION. Please add one, modifying Authors@R: person(given = "Stéphane", family = "Laurent", role = c("aut", "cre"), email = "laurent_step@outlook.fr") as necessary. Flavors: r-devel-linux-x86_64-debian-clang, r-devel-linux-x86_64-debian-gcc