CRAN Package Check Results for Package Haplin

Last updated on 2025-09-29 20:49:47 CEST.

Flavor Version Tinstall Tcheck Ttotal Status Flags
r-devel-linux-x86_64-debian-clang 7.3.2 21.95 379.44 401.39 OK
r-devel-linux-x86_64-debian-gcc 7.3.2 13.89 250.43 264.32 OK
r-devel-linux-x86_64-fedora-clang 7.3.2 607.66 OK
r-devel-linux-x86_64-fedora-gcc 7.3.2 644.17 OK
r-devel-windows-x86_64 7.3.2 27.00 413.00 440.00 OK
r-patched-linux-x86_64 7.3.2 21.27 366.58 387.85 OK
r-release-linux-x86_64 7.3.2 21.38 368.21 389.59 OK
r-release-macos-arm64 7.3.2 193.00 OK
r-release-macos-x86_64 7.3.2 337.00 OK
r-release-windows-x86_64 7.3.2 28.00 421.00 449.00 OK
r-oldrel-macos-arm64 7.3.2 176.00 NOTE
r-oldrel-macos-x86_64 7.3.2 529.00 NOTE
r-oldrel-windows-x86_64 7.3.2 35.00 545.00 580.00 OK

Check Details

Version: 7.3.2
Check: package dependencies
Result: NOTE Package suggested but not available for checking: ‘Rmpi’ Flavors: r-oldrel-macos-arm64, r-oldrel-macos-x86_64