Last updated on 2025-09-30 20:50:40 CEST.
Flavor | Version | Tinstall | Tcheck | Ttotal | Status | Flags |
---|---|---|---|---|---|---|
r-devel-linux-x86_64-debian-clang | 1.1.9 | 14.81 | 103.31 | 118.12 | OK | |
r-devel-linux-x86_64-debian-gcc | 1.1.9 | 8.73 | 72.82 | 81.55 | OK | |
r-devel-linux-x86_64-fedora-clang | 1.1.9 | 176.85 | OK | |||
r-devel-linux-x86_64-fedora-gcc | 1.1.9 | 163.90 | OK | |||
r-devel-windows-x86_64 | 1.1.9 | 18.00 | 100.00 | 118.00 | OK | |
r-patched-linux-x86_64 | 1.1.9 | 13.41 | 96.55 | 109.96 | OK | |
r-release-linux-x86_64 | 1.1.9 | 13.50 | 97.53 | 111.03 | OK | |
r-release-macos-arm64 | 1.1.9 | 46.00 | OK | |||
r-release-macos-x86_64 | 1.1.9 | 84.00 | OK | |||
r-release-windows-x86_64 | 1.1.9 | 16.00 | 99.00 | 115.00 | OK | |
r-oldrel-macos-arm64 | 1.1.9 | 46.00 | NOTE | |||
r-oldrel-macos-x86_64 | 1.1.9 | 68.00 | NOTE | |||
r-oldrel-windows-x86_64 | 1.1.9 | 21.00 | 125.00 | 146.00 | NOTE |
Version: 1.1.9
Check: LazyData
Result: NOTE
'LazyData' is specified without a 'data' directory
Flavors: r-oldrel-macos-arm64, r-oldrel-macos-x86_64, r-oldrel-windows-x86_64