Last updated on 2025-07-25 20:49:30 CEST.
Flavor | Version | Tinstall | Tcheck | Ttotal | Status | Flags |
---|---|---|---|---|---|---|
r-devel-linux-x86_64-debian-clang | 2.0.0.9.4 | 9.09 | 59.03 | 68.12 | OK | |
r-devel-linux-x86_64-debian-gcc | 2.0.0.9.4 | 7.27 | 41.04 | 48.31 | OK | |
r-devel-linux-x86_64-fedora-clang | 2.0.0.9.4 | 112.68 | OK | |||
r-devel-linux-x86_64-fedora-gcc | 2.0.0.9.4 | 107.76 | OK | |||
r-devel-windows-x86_64 | 2.0.0.9.4 | 16.00 | 87.00 | 103.00 | OK | |
r-patched-linux-x86_64 | 2.0.0.9.3 | 10.94 | 53.88 | 64.82 | NOTE | |
r-release-linux-x86_64 | 2.0.0.9.3 | 9.12 | 52.80 | 61.92 | NOTE | |
r-release-macos-arm64 | 2.0.0.9.3 | 32.00 | OK | |||
r-release-macos-x86_64 | 2.0.0.9.4 | 79.00 | OK | |||
r-release-windows-x86_64 | 2.0.0.9.4 | 18.00 | 106.00 | 124.00 | OK | |
r-oldrel-macos-arm64 | 2.0.0.9.3 | 30.00 | OK | |||
r-oldrel-macos-x86_64 | 2.0.0.9.4 | 63.00 | OK | |||
r-oldrel-windows-x86_64 | 2.0.0.9.4 | 21.00 | 104.00 | 125.00 | OK |
Version: 2.0.0.9.3
Check: Rd cross-references
Result: NOTE
Found the following Rd file(s) with Rd \link{} targets missing package
anchors:
fun.class.regime.bi.Rd: pam, fanny
Please provide package anchors for all Rd \link{} targets not in the
package itself and the base packages.
Flavors: r-patched-linux-x86_64, r-release-linux-x86_64