Last updated on 2025-07-24 08:49:23 CEST.
Flavor | Version | Tinstall | Tcheck | Ttotal | Status | Flags |
---|---|---|---|---|---|---|
r-devel-linux-x86_64-debian-clang | 1.3.3 | 15.05 | 145.23 | 160.28 | OK | |
r-devel-linux-x86_64-debian-gcc | 1.3.3 | 11.17 | 104.72 | 115.89 | OK | |
r-devel-linux-x86_64-fedora-clang | 1.3.3 | 258.51 | OK | |||
r-devel-linux-x86_64-fedora-gcc | 1.3.3 | 259.61 | OK | |||
r-devel-windows-x86_64 | 1.3.3 | 16.00 | 139.00 | 155.00 | OK | |
r-patched-linux-x86_64 | 1.3.3 | 15.09 | 132.83 | 147.92 | OK | |
r-release-linux-x86_64 | 1.3.3 | 14.88 | 132.32 | 147.20 | OK | |
r-release-macos-arm64 | 1.3.3 | 240.00 | OK | |||
r-release-macos-x86_64 | 1.3.3 | 290.00 | OK | |||
r-release-windows-x86_64 | 1.3.3 | 15.00 | 143.00 | 158.00 | OK | |
r-oldrel-macos-arm64 | 1.3.3 | 235.00 | NOTE | |||
r-oldrel-macos-x86_64 | 1.3.3 | 279.00 | NOTE | |||
r-oldrel-windows-x86_64 | 1.3.3 | 20.00 | 180.00 | 200.00 | NOTE |
Version: 1.3.3
Check: installed package size
Result: NOTE
installed size is 6.4Mb
sub-directories of 1Mb or more:
doc 3.1Mb
help 3.0Mb
Flavors: r-oldrel-macos-arm64, r-oldrel-macos-x86_64, r-oldrel-windows-x86_64