Last updated on 2025-11-03 19:49:59 CET.
| Flavor | Version | Tinstall | Tcheck | Ttotal | Status | Flags |
|---|---|---|---|---|---|---|
| r-devel-linux-x86_64-debian-clang | 0.0.3 | 7.54 | 68.07 | 75.61 | NOTE | |
| r-devel-linux-x86_64-debian-gcc | 0.0.3 | 5.06 | 50.26 | 55.32 | NOTE | |
| r-devel-linux-x86_64-fedora-clang | 0.0.3 | 18.00 | 98.22 | 116.22 | OK | |
| r-devel-linux-x86_64-fedora-gcc | 0.0.3 | 14.00 | 92.26 | 106.26 | OK | |
| r-devel-windows-x86_64 | 0.0.3 | 8.00 | 80.00 | 88.00 | NOTE | |
| r-patched-linux-x86_64 | 0.0.3 | 6.69 | 63.94 | 70.63 | NOTE | |
| r-release-linux-x86_64 | 0.0.3 | 6.55 | 63.91 | 70.46 | NOTE | |
| r-release-macos-arm64 | 0.0.3 | 4.00 | 42.00 | 46.00 | OK | |
| r-release-macos-x86_64 | 0.0.3 | 5.00 | 49.00 | 54.00 | OK | |
| r-release-windows-x86_64 | 0.0.3 | 8.00 | 78.00 | 86.00 | NOTE | |
| r-oldrel-macos-arm64 | 0.0.3 | 2.00 | 28.00 | 30.00 | OK | |
| r-oldrel-macos-x86_64 | 0.0.3 | 4.00 | 44.00 | 48.00 | OK | |
| r-oldrel-windows-x86_64 | 0.0.3 | 11.00 | 99.00 | 110.00 | OK |
Version: 0.0.3
Check: Rd cross-references
Result: NOTE
Found the following Rd file(s) with Rd \link{} targets missing package
anchors:
Fuzzy_DBScan.Rd: data.table
Please provide package anchors for all Rd \link{} targets not in the
package itself and the base packages.
Flavors: r-devel-linux-x86_64-debian-clang, r-devel-linux-x86_64-debian-gcc, r-devel-windows-x86_64, r-patched-linux-x86_64, r-release-linux-x86_64, r-release-windows-x86_64