Last updated on 2025-07-22 08:48:32 CEST.
Flavor | Version | Tinstall | Tcheck | Ttotal | Status | Flags |
---|---|---|---|---|---|---|
r-devel-linux-x86_64-debian-clang | 0.9.5 | 6.55 | 32.23 | 38.78 | OK | |
r-devel-linux-x86_64-debian-gcc | 0.9.5 | 4.08 | 25.60 | 29.68 | OK | |
r-devel-linux-x86_64-fedora-clang | 0.9.5 | 61.92 | OK | |||
r-devel-linux-x86_64-fedora-gcc | 0.9.5 | 75.44 | OK | |||
r-devel-windows-x86_64 | 0.9.5 | 8.00 | 59.00 | 67.00 | OK | |
r-patched-linux-x86_64 | 0.9.5 | 6.41 | 30.95 | 37.36 | OK | |
r-release-linux-x86_64 | 0.9.5 | 4.54 | 30.27 | 34.81 | OK | |
r-release-macos-arm64 | 0.9.5 | 32.00 | OK | |||
r-release-macos-x86_64 | 0.9.5 | 57.00 | OK | |||
r-release-windows-x86_64 | 0.9.5 | 6.00 | 59.00 | 65.00 | OK | |
r-oldrel-macos-arm64 | 0.9.5 | 29.00 | NOTE | |||
r-oldrel-macos-x86_64 | 0.9.5 | 45.00 | NOTE | |||
r-oldrel-windows-x86_64 | 0.9.5 | 9.00 | 65.00 | 74.00 | NOTE |
Version: 0.9.5
Check: LazyData
Result: NOTE
'LazyData' is specified without a 'data' directory
Flavors: r-oldrel-macos-arm64, r-oldrel-macos-x86_64, r-oldrel-windows-x86_64