Last updated on 2025-07-27 08:48:28 CEST.
Flavor | Version | Tinstall | Tcheck | Ttotal | Status | Flags |
---|---|---|---|---|---|---|
r-devel-linux-x86_64-debian-clang | 1.3 | 16.58 | 113.13 | 129.71 | NOTE | |
r-devel-linux-x86_64-debian-gcc | 1.3 | 10.96 | 80.02 | 90.98 | NOTE | |
r-devel-linux-x86_64-fedora-clang | 1.3 | 204.71 | OK | |||
r-devel-linux-x86_64-fedora-gcc | 1.3 | 188.61 | OK | |||
r-devel-windows-x86_64 | 1.3 | 18.00 | 116.00 | 134.00 | OK | |
r-patched-linux-x86_64 | 1.3 | 14.07 | 106.44 | 120.51 | OK | |
r-release-linux-x86_64 | 1.3 | 16.21 | 105.44 | 121.65 | OK | |
r-release-macos-arm64 | 1.3 | 51.00 | OK | |||
r-release-macos-x86_64 | 1.3 | 103.00 | OK | |||
r-release-windows-x86_64 | 1.3 | 19.00 | 117.00 | 136.00 | OK | |
r-oldrel-macos-arm64 | 1.3 | 55.00 | OK | |||
r-oldrel-macos-x86_64 | 1.3 | 80.00 | OK | |||
r-oldrel-windows-x86_64 | 1.3 | 23.00 | 148.00 | 171.00 | OK |
Version: 1.3
Check: CRAN incoming feasibility
Result: NOTE
Maintainer: ‘Philippe Courcoux <philippe.courcoux@oniris-nantes.fr>’
No Authors@R field in DESCRIPTION.
Please add one, modifying
Authors@R: person(given = "Philippe",
family = "Courcoux",
role = c("aut", "cre"),
email = "philippe.courcoux@oniris-nantes.fr")
as necessary.
Flavors: r-devel-linux-x86_64-debian-clang, r-devel-linux-x86_64-debian-gcc