Last updated on 2025-10-30 18:49:52 CET.
| Flavor | Version | Tinstall | Tcheck | Ttotal | Status | Flags | 
|---|---|---|---|---|---|---|
| r-devel-linux-x86_64-debian-clang | 0.1.0 | 3.72 | 33.38 | 37.10 | NOTE | |
| r-devel-linux-x86_64-debian-gcc | 0.1.0 | 2.78 | 25.95 | 28.73 | NOTE | |
| r-devel-linux-x86_64-fedora-clang | 0.1.0 | 53.31 | OK | |||
| r-devel-linux-x86_64-fedora-gcc | 0.1.0 | 17.00 | 40.04 | 57.04 | OK | |
| r-devel-windows-x86_64 | 0.1.0 | 5.00 | 48.00 | 53.00 | OK | |
| r-patched-linux-x86_64 | 0.1.0 | 3.83 | 31.76 | 35.59 | OK | |
| r-release-linux-x86_64 | 0.1.0 | 3.69 | 31.80 | 35.49 | OK | |
| r-release-macos-arm64 | 0.1.0 | 2.00 | 20.00 | 22.00 | OK | |
| r-release-macos-x86_64 | 0.1.0 | 3.00 | 34.00 | 37.00 | OK | |
| r-release-windows-x86_64 | 0.1.0 | 5.00 | 51.00 | 56.00 | OK | |
| r-oldrel-macos-arm64 | 0.1.0 | 2.00 | 19.00 | 21.00 | OK | |
| r-oldrel-macos-x86_64 | 0.1.0 | 3.00 | 26.00 | 29.00 | OK | |
| r-oldrel-windows-x86_64 | 0.1.0 | 6.00 | 58.00 | 64.00 | OK | 
Version: 0.1.0
Check: CRAN incoming feasibility
Result: NOTE
  Maintainer: ‘Marcos Bella-Fernández <marcosbellafernandez@gmail.com>’
  
  No Authors@R field in DESCRIPTION.
  Please add one, modifying
    Authors@R: person(given = "Marcos",
                      family = "Bella-Fernández",
                      role = c("aut", "cre"),
                      email = "marcosbellafernandez@gmail.com")
  as necessary.
Flavors: r-devel-linux-x86_64-debian-clang, r-devel-linux-x86_64-debian-gcc