Last updated on 2025-10-30 18:49:52 CET.
| Flavor | Version | Tinstall | Tcheck | Ttotal | Status | Flags | 
|---|---|---|---|---|---|---|
| r-devel-linux-x86_64-debian-clang | 1.5.2 | 3.15 | 36.67 | 39.82 | NOTE | |
| r-devel-linux-x86_64-debian-gcc | 1.5.2 | 2.53 | 28.43 | 30.96 | NOTE | |
| r-devel-linux-x86_64-fedora-clang | 1.5.2 | 54.15 | OK | |||
| r-devel-linux-x86_64-fedora-gcc | 1.5.2 | 56.02 | OK | |||
| r-devel-windows-x86_64 | 1.5.2 | 5.00 | 53.00 | 58.00 | OK | |
| r-patched-linux-x86_64 | 1.5.2 | 3.69 | 34.80 | 38.49 | OK | |
| r-release-linux-x86_64 | 1.5.2 | 3.26 | 35.76 | 39.02 | OK | |
| r-release-macos-arm64 | 1.5.2 | 2.00 | 20.00 | 22.00 | OK | |
| r-release-macos-x86_64 | 1.5.2 | 3.00 | 33.00 | 36.00 | OK | |
| r-release-windows-x86_64 | 1.5.2 | 4.00 | 55.00 | 59.00 | OK | |
| r-oldrel-macos-arm64 | 1.5.2 | 2.00 | 22.00 | 24.00 | OK | |
| r-oldrel-macos-x86_64 | 1.5.2 | 4.00 | 33.00 | 37.00 | OK | |
| r-oldrel-windows-x86_64 | 1.5.2 | 7.00 | 67.00 | 74.00 | OK | 
Version: 1.5.2
Check: CRAN incoming feasibility
Result: NOTE
  Maintainer: ‘Reiichiro Nakamichi <nakamichi_reiichiro33@fra.go.jp>’
  
  No Authors@R field in DESCRIPTION.
  Please add one, modifying
    Authors@R: c(person(given = "Reiichiro",
                        family = "Nakamichi",
                        role = c("aut", "cre"),
                        email = "nakamichi_reiichiro33@fra.go.jp"),
                 person(given = "Hirohisa",
                        family = "Kishino",
                        role = "aut"),
                 person(given = "Shuichi",
                        family = "Kitada",
                        role = "aut"))
  as necessary.
Flavors: r-devel-linux-x86_64-debian-clang, r-devel-linux-x86_64-debian-gcc