Last updated on 2025-07-23 08:48:50 CEST.
Flavor | Version | Tinstall | Tcheck | Ttotal | Status | Flags |
---|---|---|---|---|---|---|
r-devel-linux-x86_64-debian-clang | 2.0.0 | 20.25 | 367.97 | 388.22 | NOTE | |
r-devel-linux-x86_64-debian-gcc | 2.0.0 | 16.12 | 248.61 | 264.73 | NOTE | |
r-devel-linux-x86_64-fedora-clang | 2.0.0 | 622.22 | OK | |||
r-devel-linux-x86_64-fedora-gcc | 2.0.0 | 575.94 | OK | |||
r-devel-windows-x86_64 | 2.0.0 | 22.00 | 342.00 | 364.00 | NOTE | |
r-patched-linux-x86_64 | 2.0.0 | 21.71 | 344.43 | 366.14 | NOTE | |
r-release-linux-x86_64 | 2.0.0 | 19.87 | 343.98 | 363.85 | NOTE | |
r-release-macos-arm64 | 2.0.0 | 172.00 | OK | |||
r-release-macos-x86_64 | 2.0.0 | 426.00 | OK | |||
r-release-windows-x86_64 | 2.0.0 | 23.00 | 352.00 | 375.00 | NOTE | |
r-oldrel-macos-arm64 | 2.0.0 | 178.00 | OK | |||
r-oldrel-macos-x86_64 | 2.0.0 | 243.00 | OK | |||
r-oldrel-windows-x86_64 | 2.0.0 | 30.00 | 444.00 | 474.00 | OK |
Version: 2.0.0
Check: Rd cross-references
Result: NOTE
Found the following Rd file(s) with Rd \link{} targets missing package
anchors:
classtable.Rd: confusionMatrix
Please provide package anchors for all Rd \link{} targets not in the
package itself and the base packages.
Flavors: r-devel-linux-x86_64-debian-clang, r-devel-linux-x86_64-debian-gcc, r-devel-windows-x86_64, r-patched-linux-x86_64, r-release-linux-x86_64, r-release-windows-x86_64