CRAN Package Check Results for Package FBFsearch

Last updated on 2025-07-22 08:48:31 CEST.

Flavor Version Tinstall Tcheck Ttotal Status Flags
r-devel-linux-x86_64-debian-clang 1.2 18.86 29.01 47.87 NOTE
r-devel-linux-x86_64-debian-gcc 1.2 15.38 23.98 39.36 NOTE
r-devel-linux-x86_64-fedora-clang 1.2 79.84 OK
r-devel-linux-x86_64-fedora-gcc 1.2 78.36 OK
r-devel-windows-x86_64 1.2 25.00 67.00 92.00 OK
r-patched-linux-x86_64 1.2 21.38 27.82 49.20 OK
r-release-linux-x86_64 1.2 19.63 27.55 47.18 OK
r-release-macos-arm64 1.2 30.00 OK
r-release-macos-x86_64 1.2 54.00 OK
r-release-windows-x86_64 1.2 24.00 74.00 98.00 OK
r-oldrel-macos-arm64 1.2 27.00 NOTE
r-oldrel-macos-x86_64 1.2 52.00 NOTE
r-oldrel-windows-x86_64 1.2 30.00 85.00 115.00 OK

Check Details

Version: 1.2
Check: CRAN incoming feasibility
Result: NOTE Maintainer: ‘Davide Altomare <davide.altomare@gmail.com>’ No Authors@R field in DESCRIPTION. Please add one, modifying Authors@R: c(person(given = "Davide", family = "Altomare", role = c("aut", "cre"), email = "davide.altomare@gmail.com"), person(given = "Guido", family = "Consonni", role = "aut"), person(given = "Luca", family = "La Rocca", role = "aut")) as necessary. Flavors: r-devel-linux-x86_64-debian-clang, r-devel-linux-x86_64-debian-gcc

Version: 1.2
Check: installed package size
Result: NOTE installed size is 5.8Mb sub-directories of 1Mb or more: data 3.5Mb libs 2.2Mb Flavors: r-oldrel-macos-arm64, r-oldrel-macos-x86_64