Last updated on 2025-10-11 08:49:51 CEST.
Flavor | Version | Tinstall | Tcheck | Ttotal | Status | Flags |
---|---|---|---|---|---|---|
r-devel-linux-x86_64-debian-clang | 1.0.9 | 6.64 | 1349.96 | 1356.60 | OK | |
r-devel-linux-x86_64-debian-gcc | 1.0.9 | 3.90 | 740.95 | 744.85 | OK | |
r-devel-linux-x86_64-fedora-clang | 1.0.9 | 2127.56 | OK | |||
r-devel-linux-x86_64-fedora-gcc | 1.0.9 | 2226.12 | ERROR | |||
r-devel-windows-x86_64 | 1.0.9 | 9.00 | 1039.00 | 1048.00 | OK | |
r-patched-linux-x86_64 | 1.0.9 | 6.30 | 1232.45 | 1238.75 | OK | |
r-release-linux-x86_64 | 1.0.9 | 6.34 | 1217.36 | 1223.70 | OK | |
r-release-macos-arm64 | 1.0.9 | 413.00 | OK | |||
r-release-macos-x86_64 | 1.0.9 | 619.00 | OK | |||
r-release-windows-x86_64 | 1.0.9 | 8.00 | 1026.00 | 1034.00 | OK | |
r-oldrel-macos-arm64 | 1.0.9 | 359.00 | OK | |||
r-oldrel-macos-x86_64 | 1.0.9 | 706.00 | OK | |||
r-oldrel-windows-x86_64 | 1.0.9 | 12.00 | 1487.00 | 1499.00 | OK |
Version: 1.0.9
Check: tests
Result: ERROR
Running ‘testthat.R’ [35m/90m]
Running the tests in ‘tests/testthat.R’ failed.
Complete output:
> # This file is part of the standard setup for testthat.
> # It is recommended that you do not modify it.
> #
> # Where should you do additional test configuration?
> # Learn more about the roles of various files in:
> # * https://r-pkgs.org/tests.html
> # * https://testthat.r-lib.org/reference/test_package.html#special-files
>
> library(testthat)
> library(FAVA)
>
> test_check("FAVA")
Attaching package: 'dplyr'
The following object is masked from 'package:testthat':
matches
The following objects are masked from 'package:stats':
filter, lag
The following objects are masked from 'package:base':
intersect, setdiff, setequal, union
Joining with `by = join_by(grouping_var_multiple)`
Joining with `by = join_by(grouping_var_multiple)`
Joining with `by = join_by(grouping_var_multiple)`
Joining with `by = join_by(grouping_var_multiple)`
Joining with `by = join_by(grouping_var_multiple)`
Joining with `by = join_by(grouping_var_multiple)`
Joining with `by = join_by(grouping_var_multiple)`
Joining with `by = join_by(grouping_var_multiple)`
Joining with `by = join_by(grouping_var_multiple)`
Joining with `by = join_by(grouping_var_multiple)`
Joining with `by = join_by(grouping_var_multiple)`
Joining with `by = join_by(grouping_var_multiple)`
Joining with `by = join_by(grouping_var_multiple)`
Joining with `by = join_by(grouping_var_multiple)`
Joining with `by = join_by(grouping_var_multiple)`
Joining with `by = join_by(grouping_var_multiple)`
Joining with `by = join_by(grouping_var_multiple)`
Joining with `by = join_by(grouping_var_multiple)`
Joining with `by = join_by(grouping_var_multiple)`
Joining with `by = join_by(grouping_var_multiple)`
Joining with `by = join_by(generic_index)`
Joining with `by = join_by(generic_index)`
Joining with `by = join_by(generic_index)`
Joining with `by = join_by(generic_index)`
Joining with `by = join_by(generic_index)`
Joining with `by = join_by(generic_index)`
Joining with `by = join_by(generic_index)`
Joining with `by = join_by(generic_index)`
Joining with `by = join_by(generic_index)`
Joining with `by = join_by(generic_index)`
Joining with `by = join_by(generic_index)`
Joining with `by = join_by(generic_index)`
Joining with `by = join_by(generic_index)`
Joining with `by = join_by(generic_index)`
Joining with `by = join_by(generic_index)`
Joining with `by = join_by(generic_index)`
Joining with `by = join_by(generic_index)`
Joining with `by = join_by(generic_index)`
Joining with `by = join_by(generic_index)`
Joining with `by = join_by(generic_index)`
Joining with `by = join_by(generic_index)`
Joining with `by = join_by(generic_index)`
Joining with `by = join_by(generic_index)`
Joining with `by = join_by(generic_index)`
Joining with `by = join_by(generic_index)`
Joining with `by = join_by(generic_index)`
Joining with `by = join_by(generic_index)`
Joining with `by = join_by(generic_index)`
Joining with `by = join_by(generic_index)`
Joining with `by = join_by(generic_index)`
Joining with `by = join_by(generic_index)`
Joining with `by = join_by(generic_index)`
Joining with `by = join_by(generic_index)`
Joining with `by = join_by(generic_index)`
Joining with `by = join_by(generic_index)`
Joining with `by = join_by(generic_index)`
Joining with `by = join_by(generic_index)`
Joining with `by = join_by(generic_index)`
Joining with `by = join_by(generic_index)`
Joining with `by = join_by(generic_index)`
Joining with `by = join_by(generic_index)`
Joining with `by = join_by(generic_index)`
Joining with `by = join_by(generic_index)`
Joining with `by = join_by(generic_index)`
Joining with `by = join_by(generic_index)`
Joining with `by = join_by(generic_index)`
Joining with `by = join_by(generic_index)`
Joining with `by = join_by(generic_index)`
Joining with `by = join_by(generic_index)`
Joining with `by = join_by(generic_index)`
Joining with `by = join_by(generic_index)`
Joining with `by = join_by(generic_index)`
Joining with `by = join_by(generic_index)`
Joining with `by = join_by(generic_index)`
Execution halted
Flavor: r-devel-linux-x86_64-fedora-gcc