Last updated on 2025-07-22 08:48:31 CEST.
Flavor | Version | Tinstall | Tcheck | Ttotal | Status | Flags |
---|---|---|---|---|---|---|
r-devel-linux-x86_64-debian-clang | 9.1.6 | 26.36 | 225.16 | 251.52 | NOTE | |
r-devel-linux-x86_64-debian-gcc | 9.1.6 | 16.99 | 141.97 | 158.96 | NOTE | |
r-devel-linux-x86_64-fedora-clang | 9.1.6 | 420.86 | OK | |||
r-devel-linux-x86_64-fedora-gcc | 9.1.6 | 390.79 | OK | |||
r-devel-windows-x86_64 | 9.1.6 | 24.00 | 167.00 | 191.00 | OK | |
r-patched-linux-x86_64 | 9.1.6 | 23.05 | 210.31 | 233.36 | OK | |
r-release-linux-x86_64 | 9.1.6 | 24.50 | 212.80 | 237.30 | OK | |
r-release-macos-arm64 | 9.1.6 | 84.00 | OK | |||
r-release-macos-x86_64 | 9.1.6 | 185.00 | OK | |||
r-release-windows-x86_64 | 9.1.6 | 23.00 | 164.00 | 187.00 | OK | |
r-oldrel-macos-arm64 | 9.1.6 | 77.00 | OK | |||
r-oldrel-macos-x86_64 | 9.1.6 | 132.00 | OK | |||
r-oldrel-windows-x86_64 | 9.1.6 | 34.00 | 237.00 | 271.00 | OK |
Version: 9.1.6
Check: CRAN incoming feasibility
Result: NOTE
Maintainer: ‘Subhadip Datta <subhadipdatta007@gmail.com>’
No Authors@R field in DESCRIPTION.
Please add one, modifying
Authors@R: c(person(given = "Suhadip",
family = "Datta",
role = "aut"),
person(given = "Subhadip",
family = "Datta",
role = "cre",
email = "subhadipdatta007@gmail.com"))
as necessary.
Flavors: r-devel-linux-x86_64-debian-clang, r-devel-linux-x86_64-debian-gcc