Last updated on 2025-07-22 08:48:31 CEST.
Flavor | Version | Tinstall | Tcheck | Ttotal | Status | Flags |
---|---|---|---|---|---|---|
r-devel-linux-x86_64-debian-clang | 0.2.0 | 2.14 | 46.29 | 48.43 | OK | |
r-devel-linux-x86_64-debian-gcc | 0.2.0 | 1.68 | 34.91 | 36.59 | OK | |
r-devel-linux-x86_64-fedora-clang | 0.2.0 | 78.26 | OK | |||
r-devel-linux-x86_64-fedora-gcc | 0.2.0 | 89.55 | OK | |||
r-devel-windows-x86_64 | 0.2.0 | 3.00 | 74.00 | 77.00 | OK | |
r-patched-linux-x86_64 | 0.2.0 | 2.07 | 44.84 | 46.91 | OK | |
r-release-linux-x86_64 | 0.2.0 | 1.80 | 43.89 | 45.69 | OK | |
r-release-macos-arm64 | 0.2.0 | 44.00 | OK | |||
r-release-macos-x86_64 | 0.2.0 | 66.00 | OK | |||
r-release-windows-x86_64 | 0.2.0 | 5.00 | 75.00 | 80.00 | OK | |
r-oldrel-macos-arm64 | 0.2.0 | 31.00 | NOTE | |||
r-oldrel-macos-x86_64 | 0.2.0 | 52.00 | NOTE | |||
r-oldrel-windows-x86_64 | 0.2.0 | 5.00 | 87.00 | 92.00 | NOTE |
Version: 0.2.0
Check: LazyData
Result: NOTE
'LazyData' is specified without a 'data' directory
Flavors: r-oldrel-macos-arm64, r-oldrel-macos-x86_64, r-oldrel-windows-x86_64